CRAN Package Check Results for Package oxcovid19

Last updated on 2020-09-26 23:46:40 CEST.

Flavor Version Tinstall Tcheck Ttotal Status Flags
r-devel-linux-x86_64-debian-clang 0.1.1 6.80 72.70 79.50 OK
r-devel-linux-x86_64-debian-gcc 0.1.1 5.19 55.77 60.96 OK
r-devel-linux-x86_64-fedora-clang 0.1.1 106.35 NOTE
r-devel-linux-x86_64-fedora-gcc 0.1.1 95.70 NOTE
r-devel-windows-ix86+x86_64 0.1.1 16.00 108.00 124.00 OK
r-patched-linux-x86_64 0.1.1 6.30 68.57 74.87 OK
r-release-linux-x86_64 0.1.1 7.08 69.66 76.74 OK
r-release-macos-x86_64 0.1.1 NOTE
r-release-windows-ix86+x86_64 0.1.1 23.00 108.00 131.00 OK
r-oldrel-macos-x86_64 0.1.1 NOTE
r-oldrel-windows-ix86+x86_64 0.1.1 13.00 98.00 111.00 OK

Check Details

Version: 0.1.1
Check: dependencies in R code
Result: NOTE
    Namespace in Imports field not imported from: ‘dbplyr’
     All declared Imports should be used.
Flavors: r-devel-linux-x86_64-fedora-clang, r-devel-linux-x86_64-fedora-gcc, r-release-macos-x86_64, r-oldrel-macos-x86_64

Version: 0.1.1
Check: data for non-ASCII characters
Result: NOTE
     Note: found 2 marked UTF-8 strings
Flavors: r-devel-linux-x86_64-fedora-clang, r-devel-linux-x86_64-fedora-gcc, r-release-macos-x86_64, r-oldrel-macos-x86_64