CRAN Package Check Results for Package ozmaps

Last updated on 2020-04-09 22:50:31 CEST.

Flavor Version Tinstall Tcheck Ttotal Status Flags
r-devel-linux-x86_64-debian-clang 0.3.6 7.08 60.55 67.63 OK
r-devel-linux-x86_64-debian-gcc 0.3.6 6.00 46.98 52.98 OK
r-devel-linux-x86_64-fedora-clang 0.3.6 86.74 NOTE
r-devel-linux-x86_64-fedora-gcc 0.3.6 85.47 OK
r-devel-windows-ix86+x86_64 0.3.6 16.00 111.00 127.00 NOTE
r-devel-windows-ix86+x86_64-gcc8 0.3.0 10.00 53.00 63.00 NOTE
r-patched-linux-x86_64 0.3.6 7.39 58.48 65.87 OK
r-patched-osx-x86_64 0.3.6 WARN
r-patched-solaris-x86 0.3.6 123.80 NOTE
r-release-linux-x86_64 0.3.6 6.15 54.40 60.55 OK
r-release-windows-ix86+x86_64 0.3.6 12.00 69.00 81.00 NOTE
r-release-osx-x86_64 0.3.0 NOTE
r-oldrel-windows-ix86+x86_64 0.3.6 12.00 94.00 106.00 NOTE
r-oldrel-osx-x86_64 0.3.0 NOTE

Check Details

Version: 0.3.6
Check: installed package size
Result: NOTE
     installed size is 6.8Mb
     sub-directories of 1Mb or more:
     data 5.7Mb
Flavors: r-devel-linux-x86_64-fedora-clang, r-devel-windows-ix86+x86_64, r-patched-osx-x86_64, r-patched-solaris-x86, r-release-windows-ix86+x86_64, r-oldrel-windows-ix86+x86_64

Version: 0.3.0
Check: installed package size
Result: NOTE
     installed size is 6.8Mb
     sub-directories of 1Mb or more:
     data 5.7Mb
Flavors: r-devel-windows-ix86+x86_64-gcc8, r-release-osx-x86_64, r-oldrel-osx-x86_64

Version: 0.3.6
Check: re-building of vignette outputs
Result: WARN
    Error(s) in re-building vignettes:
     ...
    --- re-building ‘ozmaps.Rmd’ using rmarkdown
    dyld: lazy symbol binding failed: Symbol not found: ____chkstk_darwin
     Referenced from: /usr/local/bin/pandoc (which was built for Mac OS X 10.15)
     Expected in: /usr/lib/libSystem.B.dylib
    
    dyld: Symbol not found: ____chkstk_darwin
     Referenced from: /usr/local/bin/pandoc (which was built for Mac OS X 10.15)
     Expected in: /usr/lib/libSystem.B.dylib
    
    Error: processing vignette 'ozmaps.Rmd' failed with diagnostics:
    pandoc document conversion failed with error 6
    --- failed re-building ‘ozmaps.Rmd’
    
    SUMMARY: processing the following file failed:
     ‘ozmaps.Rmd’
    
    Error: Vignette re-building failed.
    Execution halted
Flavor: r-patched-osx-x86_64