CRAN Package Check Results for Package ozmaps

Last updated on 2023-03-21 14:50:19 CET.

Flavor Version Tinstall Tcheck Ttotal Status Flags
r-devel-linux-x86_64-debian-clang 0.4.5 11.09 75.56 86.65 OK
r-devel-linux-x86_64-debian-gcc 0.4.5 8.39 58.44 66.83 OK
r-devel-linux-x86_64-fedora-clang 0.4.5 111.41 OK
r-devel-linux-x86_64-fedora-gcc 0.4.5 111.32 OK
r-patched-linux-x86_64 0.4.5 9.35 73.74 83.09 OK
r-release-linux-x86_64 0.4.5 8.76 73.75 82.51 OK
r-release-macos-arm64 0.4.5 36.00 NOTE
r-release-macos-x86_64 0.4.5 51.00 OK
r-release-windows-x86_64 0.4.5 23.00 111.00 134.00 OK
r-oldrel-macos-arm64 0.4.5 35.00 NOTE
r-oldrel-macos-x86_64 0.4.5 48.00 OK
r-oldrel-windows-ix86+x86_64 0.4.5 23.00 105.00 128.00 OK

Check Details

Version: 0.4.5
Check: installed package size
Result: NOTE
     installed size is 5.1Mb
     sub-directories of 1Mb or more:
     data 4.0Mb
Flavors: r-release-macos-arm64, r-oldrel-macos-arm64