CRAN Package Check Results for Package p2distance

Last updated on 2019-03-23 11:51:15 CET.

Flavor Version Tinstall Tcheck Ttotal Status Flags
r-devel-linux-x86_64-debian-clang 1.0.1 1.49 18.66 20.15 NOTE
r-devel-linux-x86_64-debian-gcc 1.0.1 1.28 15.56 16.84 NOTE
r-devel-linux-x86_64-fedora-clang 1.0.1 25.18 NOTE
r-devel-linux-x86_64-fedora-gcc 1.0.1 23.71 NOTE
r-devel-windows-ix86+x86_64 1.0.1 8.00 36.00 44.00 NOTE
r-patched-linux-x86_64 1.0.1 0.65 17.36 18.01 NOTE
r-patched-solaris-x86 1.0.1 34.70 NOTE
r-release-linux-x86_64 1.0.1 0.32 1.65 1.97 ERROR
r-release-windows-ix86+x86_64 1.0.1 2.00 28.00 30.00 NOTE
r-release-osx-x86_64 1.0.1 NOTE
r-oldrel-windows-ix86+x86_64 1.0.1 2.00 41.00 43.00 NOTE
r-oldrel-osx-x86_64 1.0.1 NOTE

Check Details

Version: 1.0.1
Check: R code for possible problems
Result: NOTE
    loadCSVtoP2distance: no visible global function definition for
     'read.table'
    p2distance : calcularDistancia: no visible binding for global variable
     'sd'
    p2distance : ordenarVariables: no visible global function definition
     for 'cor'
    p2distance : calculoFactoresPonderacion: no visible global function
     definition for 'lm'
    p2distance: no visible global function definition for 'cor'
    Undefined global functions or variables:
     cor lm read.table sd
    Consider adding
     importFrom("stats", "cor", "lm", "sd")
     importFrom("utils", "read.table")
    to your NAMESPACE file.
Flavors: r-devel-linux-x86_64-debian-clang, r-devel-linux-x86_64-debian-gcc, r-devel-linux-x86_64-fedora-clang, r-devel-linux-x86_64-fedora-gcc, r-devel-windows-ix86+x86_64, r-patched-linux-x86_64, r-patched-solaris-x86, r-release-windows-ix86+x86_64, r-release-osx-x86_64, r-oldrel-windows-ix86+x86_64, r-oldrel-osx-x86_64

Version: 1.0.1
Check: whether package can be installed
Result: ERROR
    Installation failed.
Flavor: r-release-linux-x86_64