CRAN Package Check Results for Package pCODE

Last updated on 2020-02-20 23:47:36 CET.

Flavor Version Tinstall Tcheck Ttotal Status Flags
r-devel-linux-x86_64-debian-clang 0.9.3 8.65 168.59 177.24 OK
r-devel-linux-x86_64-debian-gcc 0.9.3 7.22 113.91 121.13 OK
r-devel-linux-x86_64-fedora-clang 0.9.3 194.70 NOTE
r-devel-linux-x86_64-fedora-gcc 0.9.3 202.27 NOTE
r-devel-windows-ix86+x86_64 0.9.3 18.00 172.00 190.00 OK
r-devel-windows-ix86+x86_64-gcc8 0.9.3 23.00 231.00 254.00 OK
r-patched-linux-x86_64 0.9.3 7.58 139.49 147.07 OK
r-patched-solaris-x86 0.9.3 257.10 NOTE
r-release-linux-x86_64 0.9.3 6.09 140.77 146.86 OK
r-release-windows-ix86+x86_64 0.9.3 12.00 177.00 189.00 OK
r-release-osx-x86_64 0.9.3 NOTE
r-oldrel-windows-ix86+x86_64 0.9.3 8.00 183.00 191.00 OK
r-oldrel-osx-x86_64 0.9.3 NOTE

Check Details

Version: 0.9.3
Check: dependencies in R code
Result: NOTE
    Namespace in Imports field not imported from: ‘base’
     All declared Imports should be used.
Flavors: r-devel-linux-x86_64-fedora-clang, r-devel-linux-x86_64-fedora-gcc, r-patched-solaris-x86, r-release-osx-x86_64, r-oldrel-osx-x86_64