CRAN Package Check Results for Package pRSR

Last updated on 2022-08-15 02:53:51 CEST.

Flavor Version Tinstall Tcheck Ttotal Status Flags
r-devel-linux-x86_64-debian-clang 3.1.1 3.86 23.76 27.62 OK
r-devel-linux-x86_64-debian-gcc 3.1.1 2.74 18.74 21.48 OK
r-devel-linux-x86_64-fedora-clang 3.1.1 44.03 NOTE
r-devel-linux-x86_64-fedora-gcc 3.1.1 42.88 NOTE
r-devel-windows-x86_64 3.1.1 16.00 53.00 69.00 OK
r-patched-linux-x86_64 3.1.1 2.65 23.13 25.78 OK
r-release-linux-x86_64 3.1.1 3.35 23.40 26.75 OK
r-release-macos-arm64 3.1.1 16.00 OK
r-release-macos-x86_64 3.1.1 22.00 OK
r-release-windows-x86_64 3.1.1 12.00 46.00 58.00 OK
r-oldrel-macos-arm64 3.1.1 24.00 OK
r-oldrel-macos-x86_64 3.1.1 28.00 OK
r-oldrel-windows-ix86+x86_64 3.1.1 11.00 32.00 43.00 OK

Check Details

Version: 3.1.1
Check: compiled code
Result: NOTE
    File ‘pRSR/libs/pRSR.so’:
     Found no calls to: ‘R_registerRoutines’, ‘R_useDynamicSymbols’
    
    It is good practice to register native routines and to disable symbol
    search.
    
    See ‘Writing portable packages’ in the ‘Writing R Extensions’ manual.
Flavors: r-devel-linux-x86_64-fedora-clang, r-devel-linux-x86_64-fedora-gcc