CRAN Package Check Results for Package pa

Last updated on 2020-04-02 20:48:34 CEST.

Flavor Version Tinstall Tcheck Ttotal Status Flags
r-devel-linux-x86_64-debian-clang 1.2-1 6.92 82.11 89.03 NOTE
r-devel-linux-x86_64-debian-gcc 1.2-1 6.23 62.94 69.17 NOTE
r-devel-linux-x86_64-fedora-clang 1.2-1 95.21 NOTE
r-devel-linux-x86_64-fedora-gcc 1.2-1 98.88 NOTE
r-devel-windows-ix86+x86_64 1.2-1 19.00 89.00 108.00 NOTE
r-devel-windows-ix86+x86_64-gcc8 1.2-1 16.00 93.00 109.00 NOTE
r-patched-linux-x86_64 1.2-1 6.77 77.48 84.25 NOTE
r-patched-solaris-x86 1.2-1 143.50 NOTE
r-release-linux-x86_64 1.2-1 6.78 74.23 81.01 NOTE
r-release-windows-ix86+x86_64 1.2-1 13.00 95.00 108.00 NOTE
r-release-osx-x86_64 1.2-1 NOTE
r-oldrel-windows-ix86+x86_64 1.2-1 10.00 90.00 100.00 NOTE
r-oldrel-osx-x86_64 1.2-1 NOTE

Check Details

Version: 1.2-1
Check: dependencies in R code
Result: NOTE
    Package in Depends field not imported from: 'grid'
     These packages need to be imported from (in the NAMESPACE file)
     for when this namespace is loaded but not attached.
Flavors: r-devel-linux-x86_64-debian-clang, r-devel-linux-x86_64-debian-gcc, r-devel-linux-x86_64-fedora-clang, r-devel-linux-x86_64-fedora-gcc, r-devel-windows-ix86+x86_64, r-devel-windows-ix86+x86_64-gcc8, r-patched-linux-x86_64, r-patched-solaris-x86, r-release-linux-x86_64, r-release-windows-ix86+x86_64, r-release-osx-x86_64, r-oldrel-windows-ix86+x86_64, r-oldrel-osx-x86_64

Version: 1.2-1
Check: R code for possible problems
Result: NOTE
    .formula.make: no visible global function definition for 'formula'
    regress: no visible global function definition for 'lm'
    regress: no visible global function definition for 'model.matrix'
    Undefined global functions or variables:
     formula lm model.matrix
    Consider adding
     importFrom("stats", "formula", "lm", "model.matrix")
    to your NAMESPACE file.
Flavors: r-devel-linux-x86_64-debian-clang, r-devel-linux-x86_64-debian-gcc, r-devel-linux-x86_64-fedora-clang, r-devel-linux-x86_64-fedora-gcc, r-devel-windows-ix86+x86_64, r-devel-windows-ix86+x86_64-gcc8, r-patched-linux-x86_64, r-patched-solaris-x86, r-release-linux-x86_64, r-release-windows-ix86+x86_64, r-release-osx-x86_64, r-oldrel-windows-ix86+x86_64, r-oldrel-osx-x86_64