CRAN Package Check Results for Package packMBPLSDA

Last updated on 2019-09-18 01:47:00 CEST.

Flavor Version Tinstall Tcheck Ttotal Status Flags
r-devel-linux-x86_64-debian-clang 0.6 10.68 62.46 73.14 NOTE
r-devel-linux-x86_64-debian-gcc 0.6 9.11 48.58 57.69 NOTE
r-devel-linux-x86_64-fedora-clang 0.6 88.18 NOTE
r-devel-linux-x86_64-fedora-gcc 0.6 87.67 NOTE
r-devel-windows-ix86+x86_64 0.6 30.00 88.00 118.00 OK
r-patched-linux-x86_64 0.6 10.34 62.15 72.49 OK
r-patched-solaris-x86 0.6 153.70 OK
r-release-linux-x86_64 0.6 10.40 62.20 72.60 OK
r-release-windows-ix86+x86_64 0.6 21.00 134.00 155.00 OK
r-release-osx-x86_64 0.6 OK
r-oldrel-windows-ix86+x86_64 0.6 24.00 93.00 117.00 OK
r-oldrel-osx-x86_64 0.6 OK

Check Details

Version: 0.6
Check: for non-standard things in the check directory
Result: NOTE
    Found the following files/directories:
     'plotBoot_nf1_30rep.pdf' 'plotCVPred_nf1_30rep.pdf'
     'plotPred_nf1.pdf' 'plotTDim.pdf'
Flavors: r-devel-linux-x86_64-debian-clang, r-devel-linux-x86_64-debian-gcc, r-devel-linux-x86_64-fedora-clang, r-devel-linux-x86_64-fedora-gcc