CRAN Package Check Results for Package packMBPLSDA

Last updated on 2020-02-18 02:48:22 CET.

Flavor Version Tinstall Tcheck Ttotal Status Flags
r-devel-linux-x86_64-debian-clang 0.6 0.46 2.20 2.66 ERROR
r-devel-linux-x86_64-debian-gcc 0.6 11.35 61.36 72.71 NOTE
r-devel-linux-x86_64-fedora-clang 0.6 113.55 NOTE
r-devel-linux-x86_64-fedora-gcc 0.6 109.73 NOTE
r-devel-windows-ix86+x86_64 0.6 30.00 114.00 144.00 OK
r-devel-windows-ix86+x86_64-gcc8 0.6 39.00 164.00 203.00 OK
r-patched-linux-x86_64 0.6 12.16 71.18 83.34 OK
r-patched-solaris-x86 0.6 171.40 OK
r-release-linux-x86_64 0.6 11.51 71.42 82.93 OK
r-release-windows-ix86+x86_64 0.6 23.00 111.00 134.00 OK
r-release-osx-x86_64 0.6 OK
r-oldrel-windows-ix86+x86_64 0.6 18.00 147.00 165.00 OK
r-oldrel-osx-x86_64 0.6 OK

Check Details

Version: 0.6
Check: package dependencies
Result: ERROR
    Package required but not available: 'FactoMineR'
    
    See section 'The DESCRIPTION file' in the 'Writing R Extensions'
    manual.
Flavor: r-devel-linux-x86_64-debian-clang

Version: 0.6
Check: for non-standard things in the check directory
Result: NOTE
    Found the following files/directories:
     ‘plotBoot_nf1_30rep.pdf’ ‘plotCVPred_nf1_30rep.pdf’
     ‘plotPred_nf1.pdf’ ‘plotTDim.pdf’
Flavors: r-devel-linux-x86_64-debian-gcc, r-devel-linux-x86_64-fedora-clang, r-devel-linux-x86_64-fedora-gcc