CRAN Package Check Results for Package packagetrackr

Last updated on 2023-05-28 04:56:22 CEST.

Flavor Version Tinstall Tcheck Ttotal Status Flags
r-devel-linux-x86_64-debian-clang 0.1.1 3.94 37.37 41.31 NOTE
r-devel-linux-x86_64-debian-gcc 0.1.1 3.22 29.30 32.52 NOTE
r-devel-linux-x86_64-fedora-clang 0.1.1 52.25 NOTE
r-devel-linux-x86_64-fedora-gcc 0.1.1 49.78 NOTE
r-devel-windows-x86_64 0.1.1 4.00 49.00 53.00 NOTE
r-patched-linux-x86_64 0.1.1 3.73 36.50 40.23 NOTE
r-release-linux-x86_64 0.1.1 4.33 36.25 40.58 NOTE
r-release-macos-arm64 0.1.1 21.00 NOTE
r-release-macos-x86_64 0.1.1 33.00 NOTE
r-release-windows-x86_64 0.1.1 6.00 53.00 59.00 NOTE
r-oldrel-macos-arm64 0.1.1 22.00 NOTE
r-oldrel-macos-x86_64 0.1.1 39.00 NOTE
r-oldrel-windows-x86_64 0.1.1 6.00 56.00 62.00 NOTE

Check Details

Version: 0.1.1
Check: LazyData
Result: NOTE
     'LazyData' is specified without a 'data' directory
Flavors: r-devel-linux-x86_64-debian-clang, r-devel-linux-x86_64-debian-gcc, r-devel-linux-x86_64-fedora-clang, r-devel-linux-x86_64-fedora-gcc, r-devel-windows-x86_64, r-patched-linux-x86_64, r-release-linux-x86_64, r-release-macos-arm64, r-release-macos-x86_64, r-release-windows-x86_64, r-oldrel-macos-arm64, r-oldrel-macos-x86_64, r-oldrel-windows-x86_64