CRAN Package Check Results for Package packagetrackr

Last updated on 2022-08-16 11:49:39 CEST.

Flavor Version Tinstall Tcheck Ttotal Status Flags
r-devel-linux-x86_64-debian-clang 0.1.1 4.40 46.84 51.24 NOTE
r-devel-linux-x86_64-debian-gcc 0.1.1 3.76 35.01 38.77 NOTE
r-devel-linux-x86_64-fedora-clang 0.1.1 70.72 NOTE
r-devel-linux-x86_64-fedora-gcc 0.1.1 69.62 NOTE
r-devel-windows-x86_64 0.1.1 27.00 67.00 94.00 NOTE
r-patched-linux-x86_64 0.1.1 4.62 44.12 48.74 NOTE
r-release-linux-x86_64 0.1.1 3.11 43.86 46.97 NOTE
r-release-macos-arm64 0.1.1 22.00 NOTE
r-release-macos-x86_64 0.1.1 39.00 NOTE
r-release-windows-x86_64 0.1.1 14.00 67.00 81.00 NOTE
r-oldrel-macos-arm64 0.1.1 26.00 NOTE
r-oldrel-macos-x86_64 0.1.1 34.00 NOTE
r-oldrel-windows-ix86+x86_64 0.1.1 13.00 65.00 78.00 NOTE

Check Details

Version: 0.1.1
Check: LazyData
Result: NOTE
     'LazyData' is specified without a 'data' directory
Flavors: r-devel-linux-x86_64-debian-clang, r-devel-linux-x86_64-debian-gcc, r-devel-linux-x86_64-fedora-clang, r-devel-linux-x86_64-fedora-gcc, r-devel-windows-x86_64, r-patched-linux-x86_64, r-release-linux-x86_64, r-release-macos-arm64, r-release-macos-x86_64, r-release-windows-x86_64, r-oldrel-macos-arm64, r-oldrel-macos-x86_64, r-oldrel-windows-ix86+x86_64