CRAN Package Check Results for Package pacotest

Last updated on 2018-12-11 14:48:47 CET.

Flavor Version Tinstall Tcheck Ttotal Status Flags
r-devel-linux-x86_64-debian-clang 0.3 113.22 340.03 453.25 OK
r-devel-linux-x86_64-debian-gcc 0.3 96.25 246.06 342.31 OK
r-devel-linux-x86_64-fedora-clang 0.3 607.10 NOTE
r-devel-linux-x86_64-fedora-gcc 0.3 570.33 OK
r-devel-windows-ix86+x86_64 0.3 272.00 667.00 939.00 OK
r-patched-linux-x86_64 0.3 119.34 324.27 443.61 OK
r-patched-solaris-x86 0.3 705.10 OK
r-release-linux-x86_64 0.3 113.58 320.10 433.68 OK
r-release-windows-ix86+x86_64 0.3 199.00 697.00 896.00 OK
r-release-osx-x86_64 0.3 NOTE
r-oldrel-windows-ix86+x86_64 0.3 181.00 858.00 1039.00 OK
r-oldrel-osx-x86_64 0.3 OK

Check Details

Version: 0.3
Check: installed package size
Result: NOTE
     installed size is 6.1Mb
     sub-directories of 1Mb or more:
     libs 5.8Mb
Flavors: r-devel-linux-x86_64-fedora-clang, r-release-osx-x86_64