CRAN Package Check Results for Package pacotest

Last updated on 2019-02-18 07:49:49 CET.

Flavor Version Tinstall Tcheck Ttotal Status Flags
r-devel-linux-x86_64-debian-clang 0.3 110.64 355.79 466.43 OK
r-devel-linux-x86_64-debian-gcc 0.3 90.97 238.76 329.73 OK
r-devel-linux-x86_64-fedora-clang 0.3 624.05 NOTE
r-devel-linux-x86_64-fedora-gcc 0.3 572.41 OK
r-devel-windows-ix86+x86_64 0.3 255.00 676.00 931.00 OK
r-patched-linux-x86_64 0.3 110.71 344.95 455.66 OK
r-patched-solaris-x86 0.3 677.40 OK
r-release-linux-x86_64 0.3 OK
r-release-windows-ix86+x86_64 0.3 190.00 812.00 1002.00 OK
r-release-osx-x86_64 0.3 NOTE
r-oldrel-windows-ix86+x86_64 0.3 203.00 910.00 1113.00 OK
r-oldrel-osx-x86_64 0.3 OK

Check Details

Version: 0.3
Check: installed package size
Result: NOTE
     installed size is 5.8Mb
     sub-directories of 1Mb or more:
     libs 5.4Mb
Flavors: r-devel-linux-x86_64-fedora-clang, r-release-osx-x86_64