CRAN Package Check Results for Package pacotest

Last updated on 2019-05-27 09:50:26 CEST.

Flavor Version Tinstall Tcheck Ttotal Status Flags
r-devel-linux-x86_64-debian-clang 0.3.1 107.87 344.38 452.25 OK
r-devel-linux-x86_64-debian-gcc 0.3.1 94.70 227.27 321.97 OK
r-devel-linux-x86_64-fedora-clang 0.3.1 605.72 NOTE
r-devel-linux-x86_64-fedora-gcc 0.3.1 558.90 OK
r-devel-windows-ix86+x86_64 0.3.1 204.00 785.00 989.00 OK
r-patched-linux-x86_64 0.3.1 OK
r-patched-solaris-x86 0.3.1 682.80 OK
r-release-linux-x86_64 0.3.1 109.63 332.42 442.05 OK
r-release-windows-ix86+x86_64 0.3.1 308.00 647.00 955.00 OK
r-release-osx-x86_64 0.3.1 NOTE
r-oldrel-windows-ix86+x86_64 0.3.1 262.00 743.00 1005.00 OK
r-oldrel-osx-x86_64 0.3.1 NOTE

Check Details

Version: 0.3.1
Check: installed package size
Result: NOTE
     installed size is 5.9Mb
     sub-directories of 1Mb or more:
     libs 5.6Mb
Flavors: r-devel-linux-x86_64-fedora-clang, r-release-osx-x86_64, r-oldrel-osx-x86_64