CRAN Package Check Results for Package pagoo

Last updated on 2021-06-22 18:49:26 CEST.

Flavor Version Tinstall Tcheck Ttotal Status Flags
r-devel-linux-x86_64-debian-clang 0.3.9 30.46 360.26 390.72 OK
r-devel-linux-x86_64-debian-gcc 0.3.9 26.01 264.45 290.46 OK
r-devel-linux-x86_64-fedora-clang 0.3.9 469.02 OK
r-devel-linux-x86_64-fedora-gcc 0.3.9 529.99 OK
r-devel-windows-x86_64 0.3.9 45.00 350.00 395.00 OK
r-devel-windows-x86_64-gcc10-UCRT 0.3.9 ERROR
r-patched-linux-x86_64 0.3.9 27.90 335.34 363.24 OK
r-patched-solaris-x86 0.3.9 644.00 NOTE
r-release-linux-x86_64 0.3.9 25.23 338.44 363.67 OK
r-release-macos-arm64 0.3.9 ERROR
r-release-macos-x86_64 0.3.9 NOTE
r-release-windows-ix86+x86_64 0.3.9 46.00 287.00 333.00 OK
r-oldrel-macos-x86_64 0.3.9 NOTE

Check Details

Version: 0.3.9
Check: package dependencies
Result: ERROR
    Packages required but not available: 'plotly', 'heatmaply'
    
    Package suggested but not available for checking: 'covr'
    
    See section 'The DESCRIPTION file' in the 'Writing R Extensions'
    manual.
Flavor: r-devel-windows-x86_64-gcc10-UCRT

Version: 0.3.9
Check: installed package size
Result: NOTE
     installed size is 5.1Mb
     sub-directories of 1Mb or more:
     extdata 4.1Mb
Flavor: r-patched-solaris-x86

Version: 0.3.9
Check: package dependencies
Result: ERROR
    Package required but not available: ‘GenomicRanges’
    
    Package suggested but not available for checking: ‘DECIPHER’
    
    See section ‘The DESCRIPTION file’ in the ‘Writing R Extensions’
    manual.
Flavor: r-release-macos-arm64

Version: 0.3.9
Check: package dependencies
Result: NOTE
    Package suggested but not available for checking: ‘DECIPHER’
Flavors: r-release-macos-x86_64, r-oldrel-macos-x86_64