CRAN Package Check Results for Package painter

Last updated on 2023-02-03 06:50:27 CET.

Flavor Version Tinstall Tcheck Ttotal Status Flags
r-devel-linux-x86_64-debian-clang 0.1.0 2.12 21.18 23.30 NOTE
r-devel-linux-x86_64-debian-gcc 0.1.0 1.53 16.59 18.12 NOTE
r-devel-linux-x86_64-fedora-clang 0.1.0 29.77 NOTE
r-devel-linux-x86_64-fedora-gcc 0.1.0 29.22 NOTE
r-devel-windows-x86_64 0.1.0 16.00 45.00 61.00 NOTE
r-patched-linux-x86_64 0.1.0 2.22 21.00 23.22 NOTE
r-release-linux-x86_64 0.1.0 1.99 21.71 23.70 NOTE
r-release-macos-arm64 0.1.0 14.00 NOTE
r-release-macos-x86_64 0.1.0 19.00 NOTE
r-release-windows-x86_64 0.1.0 7.00 42.00 49.00 NOTE
r-oldrel-macos-arm64 0.1.0 17.00 NOTE
r-oldrel-macos-x86_64 0.1.0 23.00 NOTE
r-oldrel-windows-ix86+x86_64 0.1.0 5.00 26.00 31.00 NOTE

Check Details

Version: 0.1.0
Check: LazyData
Result: NOTE
     'LazyData' is specified without a 'data' directory
Flavors: r-devel-linux-x86_64-debian-clang, r-devel-linux-x86_64-debian-gcc, r-devel-linux-x86_64-fedora-clang, r-devel-linux-x86_64-fedora-gcc, r-devel-windows-x86_64, r-patched-linux-x86_64, r-release-linux-x86_64, r-release-macos-arm64, r-release-macos-x86_64, r-release-windows-x86_64, r-oldrel-macos-arm64, r-oldrel-macos-x86_64, r-oldrel-windows-ix86+x86_64