CRAN Package Check Results for Package pairwiseComparisons

Last updated on 2020-02-20 10:48:59 CET.

Flavor Version Tinstall Tcheck Ttotal Status Flags
r-devel-linux-x86_64-debian-clang 0.2.5 12.18 115.81 127.99 OK
r-devel-linux-x86_64-debian-gcc 0.2.5 9.07 83.81 92.88 OK
r-devel-linux-x86_64-fedora-clang 0.2.5 152.10 OK
r-devel-linux-x86_64-fedora-gcc 0.2.5 154.88 OK
r-devel-windows-ix86+x86_64 0.2.5 31.00 120.00 151.00 OK
r-devel-windows-ix86+x86_64-gcc8 0.1.3 42.00 175.00 217.00 OK
r-patched-linux-x86_64 0.2.5 8.74 96.05 104.79 OK
r-patched-solaris-x86 0.2.5 210.20 OK
r-release-linux-x86_64 0.2.5 10.54 97.03 107.57 OK
r-release-windows-ix86+x86_64 0.2.5 5.00 6.00 11.00 ERROR
r-release-osx-x86_64 0.2.5 OK
r-oldrel-windows-ix86+x86_64 0.2.5 24.00 136.00 160.00 OK
r-oldrel-osx-x86_64 0.2.5 OK

Check Details

Version: 0.2.5
Check: whether package can be installed
Result: ERROR
    Installation failed.
Flavor: r-release-windows-ix86+x86_64