Last updated on 2023-10-01 10:00:23 CEST.
Flavor | Version | Tinstall | Tcheck | Ttotal | Status | Flags |
---|---|---|---|---|---|---|
r-devel-linux-x86_64-debian-clang | 0.6.0 | 6.82 | 48.23 | 55.05 | OK | |
r-devel-linux-x86_64-debian-gcc | 0.6.0 | 7.20 | 36.70 | 43.90 | OK | |
r-devel-linux-x86_64-fedora-clang | 0.6.0 | 76.53 | OK | |||
r-devel-linux-x86_64-fedora-gcc | 0.6.0 | 73.37 | OK | |||
r-devel-windows-x86_64 | 0.6.0 | 52.00 | 68.00 | 120.00 | NOTE | |
r-patched-linux-x86_64 | 0.6.0 | 10.60 | 46.97 | 57.57 | OK | |
r-release-linux-x86_64 | 0.6.0 | 7.27 | 46.54 | 53.81 | OK | |
r-release-macos-arm64 | 0.6.0 | 28.00 | OK | |||
r-release-macos-x86_64 | 0.6.0 | 61.00 | OK | |||
r-release-windows-x86_64 | 0.6.0 | 46.00 | 70.00 | 116.00 | NOTE | |
r-oldrel-macos-arm64 | 0.6.0 | 30.00 | OK | |||
r-oldrel-macos-x86_64 | 0.6.0 | 38.00 | OK | |||
r-oldrel-windows-x86_64 | 0.6.0 | 107.00 | 64.00 | 171.00 | NOTE |
Version: 0.6.0
Check: installed package size
Result: NOTE
installed size is 20.6Mb
sub-directories of 1Mb or more:
library 19.8Mb
Flavors: r-devel-windows-x86_64, r-release-windows-x86_64, r-oldrel-windows-x86_64