CRAN Package Check Results for Package pak

Last updated on 2020-08-09 15:47:52 CEST.

Flavor Version Tinstall Tcheck Ttotal Status Flags
r-devel-linux-x86_64-debian-clang 0.1.2 7.39 77.61 85.00 OK
r-devel-linux-x86_64-debian-gcc 0.1.2 6.26 58.37 64.63 OK
r-devel-linux-x86_64-fedora-clang 0.1.2 105.52 NOTE
r-devel-linux-x86_64-fedora-gcc 0.1.2 111.37 OK
r-devel-windows-ix86+x86_64 0.1.2 15.00 133.00 148.00 OK
r-patched-linux-x86_64 0.1.2 7.13 76.79 83.92 OK
r-patched-solaris-x86 0.1.2 132.00 OK
r-release-linux-x86_64 0.1.2 7.05 78.01 85.06 OK
r-release-macos-x86_64 0.1.2 OK
r-release-windows-ix86+x86_64 0.1.2 19.00 121.00 140.00 OK
r-oldrel-macos-x86_64 0.1.2 OK
r-oldrel-windows-ix86+x86_64 0.1.2 14.00 86.00 100.00 OK

Check Details

Version: 0.1.2
Check: package dependencies
Result: NOTE
    Imports includes 21 non-default packages.
    Importing from so many packages makes the package vulnerable to any of
    them becoming unavailable. Move as many as possible to Suggests and
    use conditionally.
Flavor: r-devel-linux-x86_64-fedora-clang