Last updated on 2022-07-07 02:52:57 CEST.
Flavor | Version | Tinstall | Tcheck | Ttotal | Status | Flags |
---|---|---|---|---|---|---|
r-devel-linux-x86_64-debian-clang | 2.0-3 | 14.19 | 587.13 | 601.32 | OK | |
r-devel-linux-x86_64-debian-gcc | 2.0-3 | 11.47 | 386.38 | 397.85 | OK | |
r-devel-linux-x86_64-fedora-clang | 2.0-3 | 738.01 | NOTE | |||
r-devel-linux-x86_64-fedora-gcc | 2.0-3 | 745.96 | OK | |||
r-devel-windows-x86_64 | 2.0-3 | 38.00 | 626.00 | 664.00 | OK | |
r-patched-linux-x86_64 | 2.0-3 | 18.31 | 538.62 | 556.93 | OK | |
r-release-linux-x86_64 | 2.0-3 | 12.46 | 552.71 | 565.17 | OK | |
r-release-macos-arm64 | 2.0-3 | 162.00 | OK | |||
r-release-macos-x86_64 | 2.0-3 | 352.00 | OK | |||
r-release-windows-x86_64 | 2.0-3 | 41.00 | 619.00 | 660.00 | OK | |
r-oldrel-macos-arm64 | 2.0-3 | 262.00 | OK | |||
r-oldrel-macos-x86_64 | 2.0-3 | 312.00 | OK | |||
r-oldrel-windows-ix86+x86_64 | 2.0-3 | 30.00 | 699.00 | 729.00 | OK |
Version: 2.0-3
Check: Rd cross-references
Result: NOTE
Undeclared package ‘analogue’ in Rd xrefs
Flavor: r-devel-linux-x86_64-fedora-clang