CRAN Package Check Results for Package palaeoSig

Last updated on 2022-11-29 17:52:12 CET.

Flavor Version Tinstall Tcheck Ttotal Status Flags
r-devel-linux-x86_64-debian-clang 2.0-3 13.78 452.79 466.57 ERROR
r-devel-linux-x86_64-debian-gcc 2.0-3 10.76 312.33 323.09 ERROR
r-devel-linux-x86_64-fedora-clang 2.0-3 370.39 ERROR
r-devel-linux-x86_64-fedora-gcc 2.0-3 584.56 ERROR
r-devel-windows-x86_64 2.0-3 31.00 643.00 674.00 OK
r-patched-linux-x86_64 2.0-3 15.83 539.47 555.30 OK
r-release-linux-x86_64 2.0-3 14.62 541.98 556.60 OK
r-release-macos-arm64 2.0-3 162.00 OK
r-release-macos-x86_64 2.0-3 352.00 OK
r-release-windows-x86_64 2.0-3 37.00 620.00 657.00 OK
r-oldrel-macos-arm64 2.0-3 262.00 OK
r-oldrel-macos-x86_64 2.0-3 312.00 OK
r-oldrel-windows-ix86+x86_64 2.0-3 30.00 701.00 731.00 OK

Check Details

Version: 2.0-3
Check: re-building of vignette outputs
Result: ERROR
    Error(s) in re-building vignettes:
     ...
    --- re-building 'h-block-crossvalidation.Rmd' using rmarkdown
    This is rioja 1.0-5
    -- Attaching packages --------------------------------------- tidyverse 1.3.2 --
    v ggplot2 3.4.0 v purrr 0.3.5
    v tibble 3.1.8 v dplyr 1.0.10
    v tidyr 1.2.1 v stringr 1.4.1
    v readr 2.1.3 v forcats 0.5.2
    -- Conflicts ------------------------------------------ tidyverse_conflicts() --
    x dplyr::filter() masks stats::filter()
    x dplyr::lag() masks stats::lag()
    Warning in eng_r(options) :
     Failed to tidy R code in chunk 'unnamed-chunk-3'. Reason:
    Error : The formatR package is required by the chunk option tidy = TRUE but not installed; tidy = TRUE will be ignored.
    
    Warning in Merge(object$y, newdata, split = TRUE) :
     Some row names were changed to avoid duplicates.
    # A tibble: 1 x 1
     RMSE
     <dbl>
    1 1.15
    Quitting from lines 165-201 (h-block-crossvalidation.Rmd)
    Error: processing vignette 'h-block-crossvalidation.Rmd' failed with diagnostics:
    non-interactive browser() -- left over from debugging?
    --- failed re-building 'h-block-crossvalidation.Rmd'
    
    SUMMARY: processing the following file failed:
     'h-block-crossvalidation.Rmd'
    
    Error: Vignette re-building failed.
    Execution halted
Flavor: r-devel-linux-x86_64-debian-clang

Version: 2.0-3
Check: re-building of vignette outputs
Result: ERROR
    Error(s) in re-building vignettes:
     ...
    --- re-building ‘h-block-crossvalidation.Rmd’ using rmarkdown
    This is rioja 1.0-5
    ── Attaching packages ─────────────────────────────────────── tidyverse 1.3.2 ──
    ✔ ggplot2 3.4.0 ✔ purrr 0.3.5
    ✔ tibble 3.1.8 ✔ dplyr 1.0.10
    ✔ tidyr 1.2.1 ✔ stringr 1.4.1
    ✔ readr 2.1.3 ✔ forcats 0.5.2
    ── Conflicts ────────────────────────────────────────── tidyverse_conflicts() ──
    ✖ dplyr::filter() masks stats::filter()
    ✖ dplyr::lag() masks stats::lag()
    Warning in eng_r(options) :
     Failed to tidy R code in chunk 'unnamed-chunk-3'. Reason:
    Error : The formatR package is required by the chunk option tidy = TRUE but not installed; tidy = TRUE will be ignored.
    
    Warning in Merge(object$y, newdata, split = TRUE) :
     Some row names were changed to avoid duplicates.
    # A tibble: 1 × 1
     RMSE
     <dbl>
    1 1.15
    Quitting from lines 165-201 (h-block-crossvalidation.Rmd)
    Error: processing vignette ‘h-block-crossvalidation.Rmd’ failed with diagnostics:
    non-interactive browser() -- left over from debugging?
    --- failed re-building ‘h-block-crossvalidation.Rmd’
    
    SUMMARY: processing the following file failed:
     ‘h-block-crossvalidation.Rmd’
    
    Error: Vignette re-building failed.
    Execution halted
Flavor: r-devel-linux-x86_64-debian-gcc

Version: 2.0-3
Check: Rd cross-references
Result: NOTE
    Undeclared package ‘analogue’ in Rd xrefs
Flavor: r-devel-linux-x86_64-fedora-clang

Version: 2.0-3
Check: re-building of vignette outputs
Result: ERROR
    Error(s) in re-building vignettes:
    --- re-building ‘h-block-crossvalidation.Rmd’ using rmarkdown
    This is rioja 1.0-5
    ── Attaching packages ─────────────────────────────────────── tidyverse 1.3.2 ──
    ✔ ggplot2 3.4.0 ✔ purrr 0.3.5
    ✔ tibble 3.1.8 ✔ dplyr 1.0.10
    ✔ tidyr 1.2.1 ✔ stringr 1.4.1
    ✔ readr 2.1.3 ✔ forcats 0.5.2
    ── Conflicts ────────────────────────────────────────── tidyverse_conflicts() ──
    ✖ dplyr::filter() masks stats::filter()
    ✖ dplyr::lag() masks stats::lag()
    Warning in eng_r(options) :
     Failed to tidy R code in chunk 'unnamed-chunk-3'. Reason:
    Error : The formatR package is required by the chunk option tidy = TRUE but not installed; tidy = TRUE will be ignored.
    
    Warning in Merge(object$y, newdata, split = TRUE) :
     Some row names were changed to avoid duplicates.
    # A tibble: 1 × 1
     RMSE
     <dbl>
    1 1.15
    Quitting from lines 165-201 (h-block-crossvalidation.Rmd)
    Error: processing vignette 'h-block-crossvalidation.Rmd' failed with diagnostics:
    non-interactive browser() -- left over from debugging?
    --- failed re-building ‘h-block-crossvalidation.Rmd’
    
    SUMMARY: processing the following file failed:
     ‘h-block-crossvalidation.Rmd’
    
    Error: Vignette re-building failed.
    Execution halted
Flavor: r-devel-linux-x86_64-fedora-clang

Version: 2.0-3
Check: re-building of vignette outputs
Result: ERROR
    Error(s) in re-building vignettes:
    --- re-building ‘h-block-crossvalidation.Rmd’ using rmarkdown
    This is rioja 1.0-5
    ── Attaching packages ─────────────────────────────────────── tidyverse 1.3.2 ──
    ✔ ggplot2 3.4.0 ✔ purrr 0.3.5
    ✔ tibble 3.1.8 ✔ dplyr 1.0.10
    ✔ tidyr 1.2.1 ✔ stringr 1.4.1
    ✔ readr 2.1.3 ✔ forcats 0.5.2
    ── Conflicts ────────────────────────────────────────── tidyverse_conflicts() ──
    ✖ dplyr::filter() masks stats::filter()
    ✖ dplyr::lag() masks stats::lag()
    Warning in Merge(object$y, newdata, split = TRUE) :
     Some row names were changed to avoid duplicates.
    # A tibble: 1 × 1
     RMSE
     <dbl>
    1 1.15
    Quitting from lines 165-201 (h-block-crossvalidation.Rmd)
    Error: processing vignette 'h-block-crossvalidation.Rmd' failed with diagnostics:
    non-interactive browser() -- left over from debugging?
    --- failed re-building ‘h-block-crossvalidation.Rmd’
    
    SUMMARY: processing the following file failed:
     ‘h-block-crossvalidation.Rmd’
    
    Error: Vignette re-building failed.
    Execution halted
Flavor: r-devel-linux-x86_64-fedora-gcc