Last updated on 2023-06-08 06:57:20 CEST.
Flavor | Version | Tinstall | Tcheck | Ttotal | Status | Flags |
---|---|---|---|---|---|---|
r-devel-linux-x86_64-debian-clang | 1.2.0 | 15.57 | 258.67 | 274.24 | OK | |
r-devel-linux-x86_64-debian-gcc | 1.2.0 | 11.09 | 189.76 | 200.85 | OK | |
r-devel-linux-x86_64-fedora-clang | 1.2.0 | 325.43 | NOTE | |||
r-devel-linux-x86_64-fedora-gcc | 1.2.0 | 315.58 | NOTE | |||
r-devel-windows-x86_64 | 1.2.0 | 14.00 | 209.00 | 223.00 | OK | |
r-patched-linux-x86_64 | 1.2.0 | 12.21 | 239.93 | 252.14 | OK | |
r-release-linux-x86_64 | 1.2.0 | 10.39 | 246.22 | 256.61 | OK | |
r-release-macos-arm64 | 1.2.0 | 276.00 | OK | |||
r-release-macos-x86_64 | 1.2.0 | 382.00 | OK | |||
r-release-windows-x86_64 | 1.2.0 | 17.00 | 260.00 | 277.00 | OK | |
r-oldrel-macos-arm64 | 1.2.0 | 268.00 | OK | |||
r-oldrel-macos-x86_64 | 1.2.0 | 313.00 | OK | |||
r-oldrel-windows-x86_64 | 1.2.0 | 16.00 | 258.00 | 274.00 | OK |
Version: 1.2.0
Check: data for non-ASCII characters
Result: NOTE
Note: found 314 marked UTF-8 strings
Flavors: r-devel-linux-x86_64-fedora-clang, r-devel-linux-x86_64-fedora-gcc