Last updated on 2022-07-05 03:53:38 CEST.
Flavor | Version | Tinstall | Tcheck | Ttotal | Status | Flags |
---|---|---|---|---|---|---|
r-devel-linux-x86_64-debian-clang | 1.0.0 | 4.23 | 104.83 | 109.06 | OK | |
r-devel-linux-x86_64-debian-gcc | 1.0.0 | 3.51 | 75.37 | 78.88 | OK | |
r-devel-linux-x86_64-fedora-clang | 1.0.0 | 137.12 | OK | |||
r-devel-linux-x86_64-fedora-gcc | 1.0.0 | 134.63 | OK | |||
r-devel-windows-x86_64 | 1.0.0 | 30.00 | 135.00 | 165.00 | OK | |
r-patched-linux-x86_64 | 1.0.0 | 4.71 | 96.63 | 101.34 | OK | |
r-release-linux-x86_64 | 1.0.0 | 3.49 | 95.74 | 99.23 | OK | |
r-release-macos-arm64 | 1.0.0 | 37.00 | OK | |||
r-release-macos-x86_64 | 1.0.0 | 48.00 | OK | |||
r-release-windows-x86_64 | 1.0.0 | 38.00 | 133.00 | 171.00 | OK | |
r-oldrel-macos-arm64 | 1.0.0 | 43.00 | OK | |||
r-oldrel-macos-x86_64 | 1.0.0 | 49.00 | OK | |||
r-oldrel-windows-ix86+x86_64 | 1.0.0 | 9.00 | 111.00 | 120.00 | WARN |
Version: 1.0.0
Check: re-building of vignette outputs
Result: WARN
Error(s) in re-building vignettes:
--- re-building 'overview.Rmd' using rmarkdown
Error: processing vignette 'overview.Rmd' failed with diagnostics:
only `math_method = 'mathjax'` is supported with earlier version than Pandoc 2.0
--- failed re-building 'overview.Rmd'
SUMMARY: processing the following file failed:
'overview.Rmd'
Error: Vignette re-building failed.
Execution halted
Flavor: r-oldrel-windows-ix86+x86_64