CRAN Package Check Results for Package paleofire

Last updated on 2017-11-20 23:49:52 CET.

Flavor Version Tinstall Tcheck Ttotal Status Flags
r-devel-linux-x86_64-debian-clang 1.2.0 3.74 102.17 105.91 OK
r-devel-linux-x86_64-debian-gcc 1.2.0 4.54 232.68 237.22 OK
r-devel-linux-x86_64-fedora-clang 1.2.0 195.06 OK
r-devel-linux-x86_64-fedora-gcc 1.2.0 255.47 OK
r-devel-windows-ix86+x86_64 1.2.0 9.00 181.00 190.00 OK
r-patched-linux-x86_64 1.2.0 3.89 111.20 115.09 OK
r-patched-solaris-x86 1.2.0 293.80 OK
r-release-linux-x86_64 1.2.0 3.56 109.86 113.41 OK
r-release-windows-ix86+x86_64 1.2.0 11.00 202.00 213.00 OK
r-release-osx-x86_64 1.2.0 NOTE
r-oldrel-windows-ix86+x86_64 1.2.0 8.00 234.00 242.00 OK
r-oldrel-osx-x86_64 1.2.0 OK

Check Details

Version: 1.2.0
Check: re-building of vignette outputs
Result: NOTE
    Error in re-building vignettes:
     ...
    Loading required package: GCD
    This is paleofire v1.2.0 | GCD v3.0.5
    trying URL 'http://blarquez.com/public/data/data_cageo.zip'
    Content type 'application/zip' length 14857 bytes (14 KB)
    ==================================================
    downloaded 14 KB
    
    Error in texi2dvi(file = file, pdf = TRUE, clean = clean, quiet = quiet, :
     Running 'texi2dvi' on 'paleofire-paper.tex' failed.
    LaTeX errors:
    ! LaTeX Error: File `elsarticle.cls' not found.
    
    Type X to quit or <RETURN> to proceed,
    or enter new name. (Default extension: cls)
    
    ! Emergency stop.
    <read *>
    
    l.4 ^^M
    
    ! ==> Fatal error occurred, no output PDF file produced!
    Calls: buildVignettes -> texi2pdf -> texi2dvi
    Execution halted
Flavor: r-release-osx-x86_64