CRAN Package Check Results for Package paleofire

Last updated on 2017-09-22 02:47:42.

Flavor Version Tinstall Tcheck Ttotal Status Flags
r-devel-linux-x86_64-debian-clang 1.1.9 3.42 98.69 102.11 ERROR
r-devel-linux-x86_64-debian-gcc 1.1.9 3.54 98.46 102.00 ERROR
r-devel-linux-x86_64-fedora-clang 1.1.9 198.59 ERROR
r-devel-linux-x86_64-fedora-gcc 1.1.9 198.97 ERROR
r-devel-windows-ix86+x86_64 1.1.9 8.00 154.00 162.00 ERROR
r-patched-linux-x86_64 1.1.9 3.69 96.66 100.34 ERROR
r-patched-solaris-x86 1.1.9 265.70 ERROR
r-release-linux-x86_64 1.1.9 3.44 97.00 100.43 ERROR
r-release-windows-ix86+x86_64 1.1.9 11.00 177.00 188.00 ERROR
r-release-osx-x86_64 1.1.9 NOTE
r-oldrel-windows-ix86+x86_64 1.1.9 9.00 144.00 153.00 ERROR
r-oldrel-osx-x86_64 1.1.9 OK

Check Details

Version: 1.1.9
Check: examples
Result: ERROR
    Running examples in ‘paleofire-Ex.R’ failed
    The error most likely occurred in:
    
    > base::assign(".ptime", proc.time(), pos = "CheckExEnv")
    > ### Name: pfKruskal
    > ### Title: Analyse composite records by a Kruskal-Wallis ANOVA
    > ### Aliases: pfKruskal
    >
    > ### ** Examples
    >
    >
    > ## Composite charcoal record for Western Boreal North America:
    > ID=pfSiteSel(id_region=="WNA0" & l12==1)
    > plot(ID)
    > ## Transform data
    > res3=pfTransform(ID,method=c("MinMax","Box-Cox","Z-Score"),BasePeriod=c(200,4000))
    Loading and preparing data...
    Transforming...
    Percentage done: 10 20 30 40 50 60 70 80 90 100
    >
    > ## Composite
    > comp=pfComposite(res3,bins=seq(from=-500,to=12500,by=1000))
    > plot(comp)
    >
    > ## Kruskal Wallis Anova
    > comparison=pfKruskal(comp)
    Error in `$<-.data.frame`(`*tmp*`, M, value = character(0)) :
     replacement has 0 rows, data has 13
    Calls: pfKruskal -> $<- -> $<-.data.frame
    Execution halted
Flavors: r-devel-linux-x86_64-debian-clang, r-devel-linux-x86_64-debian-gcc, r-patched-linux-x86_64, r-release-linux-x86_64

Version: 1.1.9
Check: examples
Result: ERROR
    Running examples in ‘paleofire-Ex.R’ failed
    The error most likely occurred in:
    
    > ### Name: pfKruskal
    > ### Title: Analyse composite records by a Kruskal-Wallis ANOVA
    > ### Aliases: pfKruskal
    >
    > ### ** Examples
    >
    >
    > ## Composite charcoal record for Western Boreal North America:
    > ID=pfSiteSel(id_region=="WNA0" & l12==1)
    > plot(ID)
    > ## Transform data
    > res3=pfTransform(ID,method=c("MinMax","Box-Cox","Z-Score"),BasePeriod=c(200,4000))
    Loading and preparing data...
    Transforming...
    Percentage done: 10 20 30 40 50 60 70 80 90 100
    >
    > ## Composite
    > comp=pfComposite(res3,bins=seq(from=-500,to=12500,by=1000))
    > plot(comp)
    >
    > ## Kruskal Wallis Anova
    > comparison=pfKruskal(comp)
    Error in `$<-.data.frame`(`*tmp*`, M, value = character(0)) :
     replacement has 0 rows, data has 13
    Calls: pfKruskal -> $<- -> $<-.data.frame
    Execution halted
Flavors: r-devel-linux-x86_64-fedora-clang, r-devel-linux-x86_64-fedora-gcc, r-devel-windows-ix86+x86_64, r-patched-solaris-x86, r-release-windows-ix86+x86_64

Version: 1.1.9
Check: re-building of vignette outputs
Result: NOTE
    Error in re-building vignettes:
     ...
    Loading required package: GCD
    This is paleofire v1.1.9 | GCD v3.0.5
    trying URL 'http://blarquez.com/public/data/data_cageo.zip'
    Content type 'application/zip' length 14857 bytes (14 KB)
    ==================================================
    downloaded 14 KB
    
    Error in texi2dvi(file = file, pdf = TRUE, clean = clean, quiet = quiet, :
     Running 'texi2dvi' on 'paleofire-paper.tex' failed.
    LaTeX errors:
    ! LaTeX Error: File `elsarticle.cls' not found.
    
    Type X to quit or <RETURN> to proceed,
    or enter new name. (Default extension: cls)
    
    ! Emergency stop.
    <read *>
    
    l.4 ^^M
    
    ! ==> Fatal error occurred, no output PDF file produced!
    Calls: buildVignettes -> texi2pdf -> texi2dvi
    Execution halted
Flavor: r-release-osx-x86_64

Version: 1.1.9
Check: examples
Result: ERROR
    Running examples in 'paleofire-Ex.R' failed
    The error most likely occurred in:
    
    > ### Name: pfKruskal
    > ### Title: Analyse composite records by a Kruskal-Wallis ANOVA
    > ### Aliases: pfKruskal
    >
    > ### ** Examples
    >
    >
    > ## Composite charcoal record for Western Boreal North America:
    > ID=pfSiteSel(id_region=="WNA0" & l12==1)
    > plot(ID)
    > ## Transform data
    > res3=pfTransform(ID,method=c("MinMax","Box-Cox","Z-Score"),BasePeriod=c(200,4000))
    Loading and preparing data...
    Transforming...
    Percentage done: 10 20 30 40 50 60 70 80 90 100
    >
    > ## Composite
    > comp=pfComposite(res3,bins=seq(from=-500,to=12500,by=1000))
    > plot(comp)
    >
    > ## Kruskal Wallis Anova
    > comparison=pfKruskal(comp)
    Error in `$<-.data.frame`(`*tmp*`, "M", value = character(0)) :
     replacement has 0 rows, data has 13
    Calls: pfKruskal -> $<- -> $<-.data.frame
    Execution halted
Flavor: r-oldrel-windows-ix86+x86_64