CRAN Package Check Results for Package paleofire

Last updated on 2018-01-21 07:47:26 CET.

Flavor Version Tinstall Tcheck Ttotal Status Flags
r-devel-linux-x86_64-debian-clang 1.2.0 4.79 171.61 176.40 OK
r-devel-linux-x86_64-debian-gcc 1.2.0 4.59 135.19 139.78 OK
r-devel-linux-x86_64-fedora-clang 1.2.0 206.68 OK
r-devel-linux-x86_64-fedora-gcc 1.2.0 201.24 OK
r-devel-windows-ix86+x86_64 1.2.0 10.00 185.00 195.00 OK
r-patched-linux-x86_64 1.2.0 5.88 174.55 180.43 OK
r-patched-solaris-x86 1.2.0 316.20 OK
r-release-linux-x86_64 1.2.0 4.59 170.49 175.08 OK
r-release-windows-ix86+x86_64 1.2.0 12.00 194.00 206.00 OK
r-release-osx-x86_64 1.2.0 NOTE
r-oldrel-windows-ix86+x86_64 1.2.0 12.00 189.00 201.00 OK
r-oldrel-osx-x86_64 1.2.0 OK

Check Details

Version: 1.2.0
Check: re-building of vignette outputs
Result: NOTE
    Error in re-building vignettes:
     ...
    Loading required package: GCD
    This is paleofire v1.2.0 | GCD v3.0.5
    trying URL 'http://blarquez.com/public/data/data_cageo.zip'
    Content type 'application/zip' length 14857 bytes (14 KB)
    ==================================================
    downloaded 14 KB
    
    Error in texi2dvi(file = file, pdf = TRUE, clean = clean, quiet = quiet, :
     Running 'texi2dvi' on 'paleofire-paper.tex' failed.
    LaTeX errors:
    ! LaTeX Error: File `elsarticle.cls' not found.
    
    Type X to quit or <RETURN> to proceed,
    or enter new name. (Default extension: cls)
    
    ! Emergency stop.
    <read *>
    
    l.4 ^^M
    
    ! ==> Fatal error occurred, no output PDF file produced!
    Calls: buildVignettes -> texi2pdf -> texi2dvi
    Execution halted
Flavor: r-release-osx-x86_64