CRAN Package Check Results for Package paleofire

Last updated on 2017-07-25 18:47:01.

Flavor Version Tinstall Tcheck Ttotal Status Flags
r-devel-linux-x86_64-debian-clang 1.1.9 5.48 119.34 124.82 OK
r-devel-linux-x86_64-debian-gcc 1.1.9 3.54 118.27 121.81 OK
r-devel-linux-x86_64-fedora-clang 1.1.9 221.46 OK
r-devel-linux-x86_64-fedora-gcc 1.1.9 215.79 OK
r-devel-windows-ix86+x86_64 1.1.9 10.00 219.00 229.00 OK
r-patched-linux-x86_64 1.1.9 3.45 118.74 122.19 OK
r-patched-solaris-x86 1.1.9 294.20 OK
r-release-linux-x86_64 1.1.9 3.72 118.88 122.59 OK
r-release-windows-ix86+x86_64 1.1.9 11.00 245.00 256.00 OK
r-release-osx-x86_64 1.1.9 NOTE
r-oldrel-windows-ix86+x86_64 1.1.9 9.00 176.00 185.00 OK
r-oldrel-osx-x86_64 1.1.9 OK

Check Details

Version: 1.1.9
Check: re-building of vignette outputs
Result: NOTE
    Error in re-building vignettes:
     ...
    Loading required package: GCD
    This is paleofire v1.1.9 | GCD v3.0.5
    trying URL 'http://blarquez.com/public/data/data_cageo.zip'
    Content type 'application/zip' length 14857 bytes (14 KB)
    ==================================================
    downloaded 14 KB
    
    Error in texi2dvi(file = file, pdf = TRUE, clean = clean, quiet = quiet, :
     Running 'texi2dvi' on 'paleofire-paper.tex' failed.
    LaTeX errors:
    ! LaTeX Error: File `elsarticle.cls' not found.
    
    Type X to quit or <RETURN> to proceed,
    or enter new name. (Default extension: cls)
    
    ! Emergency stop.
    <read *>
    
    l.4 ^^M
    
    ! ==> Fatal error occurred, no output PDF file produced!
    Calls: buildVignettes -> texi2pdf -> texi2dvi
    Execution halted
Flavor: r-release-osx-x86_64