CRAN Package Check Results for Package paleofire

Last updated on 2017-05-26 21:48:07.

Flavor Version Tinstall Tcheck Ttotal Status Flags
r-devel-linux-x86_64-debian-clang 1.1.9 3.60 111.01 114.60 OK
r-devel-linux-x86_64-debian-gcc 1.1.9 3.99 112.40 116.38 OK
r-devel-linux-x86_64-fedora-clang 1.1.9 224.59 OK
r-devel-linux-x86_64-fedora-gcc 1.1.9 215.94 OK
r-devel-windows-ix86+x86_64 1.1.9 10.00 186.00 196.00 OK
r-patched-linux-x86_64 1.1.9 3.83 112.78 116.61 OK
r-patched-solaris-sparc 1.1.9 1502.50 OK
r-patched-solaris-x86 1.1.9 285.70 OK
r-release-linux-x86_64 1.1.9 3.70 111.03 114.73 OK
r-release-windows-ix86+x86_64 1.1.9 9.00 190.00 199.00 OK
r-release-osx-x86_64 1.1.9 NOTE
r-oldrel-windows-ix86+x86_64 1.1.9 15.00 176.00 191.00 OK
r-oldrel-osx-x86_64 1.1.9 OK

Check Details

Version: 1.1.9
Check: re-building of vignette outputs
Result: NOTE
    Error in re-building vignettes:
     ...
    Loading required package: GCD
    This is paleofire v1.1.9 | GCD v3.0.5
    trying URL 'http://blarquez.com/public/data/data_cageo.zip'
    Content type 'application/zip' length 14857 bytes (14 KB)
    ==================================================
    downloaded 14 KB
    
    Error in texi2dvi(file = file, pdf = TRUE, clean = clean, quiet = quiet, :
     Running 'texi2dvi' on 'paleofire-paper.tex' failed.
    LaTeX errors:
    ! LaTeX Error: File `elsarticle.cls' not found.
    
    Type X to quit or <RETURN> to proceed,
    or enter new name. (Default extension: cls)
    
    ! Emergency stop.
    <read *>
    
    l.4 ^^M
    
    ! ==> Fatal error occurred, no output PDF file produced!
    Calls: buildVignettes -> texi2pdf -> texi2dvi
    Execution halted
Flavor: r-release-osx-x86_64