CRAN Package Check Results for Package paleofire

Last updated on 2022-11-27 04:51:26 CET.

Flavor Version Tinstall Tcheck Ttotal Status Flags
r-devel-linux-x86_64-debian-clang 1.2.4 36.43 369.43 405.86 NOTE
r-devel-linux-x86_64-debian-gcc 1.2.4 32.34 267.16 299.50 NOTE
r-devel-linux-x86_64-fedora-clang 1.2.4 490.49 NOTE
r-devel-linux-x86_64-fedora-gcc 1.2.4 483.20 NOTE
r-devel-windows-x86_64 1.2.4 50.00 379.00 429.00 OK
r-patched-linux-x86_64 1.2.4 35.10 350.39 385.49 NOTE
r-release-linux-x86_64 1.2.4 43.00 347.87 390.87 NOTE
r-release-macos-arm64 1.2.4 103.00 OK
r-release-macos-x86_64 1.2.4 193.00 OK
r-release-windows-x86_64 1.2.4 56.00 379.00 435.00 OK
r-oldrel-macos-arm64 1.2.4 66.00 OK
r-oldrel-macos-x86_64 1.2.4 102.00 OK
r-oldrel-windows-ix86+x86_64 1.2.4 78.00 358.00 436.00 OK

Check Details

Version: 1.2.4
Check: package dependencies
Result: NOTE
    Package suggested but not available for checking: 'Imap'
Flavors: r-devel-linux-x86_64-debian-clang, r-devel-linux-x86_64-debian-gcc, r-devel-linux-x86_64-fedora-clang, r-devel-linux-x86_64-fedora-gcc, r-patched-linux-x86_64, r-release-linux-x86_64