CRAN Package Check Results for Package paleomorph

Last updated on 2024-05-26 06:02:04 CEST.

Flavor Version Tinstall Tcheck Ttotal Status Flags
r-devel-linux-x86_64-debian-clang 0.1.4 2.53 43.26 45.79 NOTE
r-devel-linux-x86_64-debian-gcc 0.1.4 2.36 30.68 33.04 NOTE
r-devel-linux-x86_64-fedora-clang 0.1.4 55.12 NOTE
r-devel-linux-x86_64-fedora-gcc 0.1.4 52.26 NOTE
r-devel-windows-x86_64 0.1.4 3.00 50.00 53.00 NOTE
r-patched-linux-x86_64 0.1.4 2.90 39.13 42.03 NOTE
r-release-linux-x86_64 0.1.4 2.36 40.31 42.67 NOTE
r-release-macos-arm64 0.1.4 19.00 NOTE
r-release-windows-x86_64 0.1.4 3.00 50.00 53.00 NOTE
r-oldrel-macos-arm64 0.1.4 20.00 NOTE
r-oldrel-macos-x86_64 0.1.4 29.00 NOTE
r-oldrel-windows-x86_64 0.1.4 3.00 55.00 58.00 NOTE

Check Details

Version: 0.1.4
Check: LazyData
Result: NOTE 'LazyData' is specified without a 'data' directory Flavors: r-devel-linux-x86_64-debian-clang, r-devel-linux-x86_64-debian-gcc, r-devel-linux-x86_64-fedora-clang, r-devel-linux-x86_64-fedora-gcc, r-devel-windows-x86_64, r-patched-linux-x86_64, r-release-linux-x86_64, r-release-macos-arm64, r-release-windows-x86_64, r-oldrel-macos-arm64, r-oldrel-macos-x86_64, r-oldrel-windows-x86_64