CRAN Package Check Results for Package paleotree

Last updated on 2024-07-14 11:56:04 CEST.

Flavor Version Tinstall Tcheck Ttotal Status Flags
r-devel-linux-x86_64-debian-clang 3.4.7 32.08 472.38 504.46 OK
r-devel-linux-x86_64-debian-gcc 3.4.7 21.93 304.68 326.61 OK
r-devel-linux-x86_64-fedora-clang 3.4.7 580.56 OK
r-devel-linux-x86_64-fedora-gcc 3.4.7 542.73 OK
r-devel-windows-x86_64 3.4.7 25.00 299.00 324.00 OK
r-patched-linux-x86_64 3.4.7 28.16 439.84 468.00 OK
r-release-linux-x86_64 3.4.5 30.27 428.82 459.09 NOTE
r-release-macos-arm64 3.4.7 128.00 OK
r-release-macos-x86_64 3.4.7 379.00 OK
r-release-windows-x86_64 3.4.7 25.00 302.00 327.00 OK
r-oldrel-macos-arm64 3.4.7 136.00 OK
r-oldrel-macos-x86_64 3.4.7 278.00 OK
r-oldrel-windows-x86_64 3.4.7 33.00 388.00 421.00 OK

Check Details

Version: 3.4.5
Check: Rd files
Result: NOTE checkRd: (-1) branchClasses.Rd:15: Lost braces; missing escapes or markup? 15 | \item{whichExtant}{A logical vector with length equal to number of tips in the tree. A {TRUE} value indicates | ^ checkRd: (-1) minCharChange.Rd:134: Lost braces; missing escapes or markup? 134 | an identical name in function \code{phyDat} in package {phangorn}. | ^ checkRd: (-1) resolveTreeChar.Rd:98: Lost braces; missing escapes or markup? 98 | an identical name in function \code{phyDat} in package {phangorn}. | ^ checkRd: (-1) simFossilRecord.Rd:44: Lost braces 44 | since its origination time is code{D}, | ^ Flavor: r-release-linux-x86_64