CRAN Package Check Results for Package paletteer

Last updated on 2019-07-16 07:50:57 CEST.

Flavor Version Tinstall Tcheck Ttotal Status Flags
r-devel-linux-x86_64-debian-clang 0.2.1 1.83 25.14 26.97 OK
r-devel-linux-x86_64-debian-gcc 0.2.1 1.90 20.11 22.01 OK
r-devel-linux-x86_64-fedora-clang 0.2.1 32.56 NOTE
r-devel-linux-x86_64-fedora-gcc 0.2.1 30.69 NOTE
r-devel-windows-ix86+x86_64 0.2.1 8.00 54.00 62.00 OK
r-patched-linux-x86_64 0.2.1 2.29 24.91 27.20 OK
r-patched-solaris-x86 0.2.1 50.00 NOTE
r-release-linux-x86_64 0.2.1 1.77 24.49 26.26 OK
r-release-windows-ix86+x86_64 0.2.1 6.00 59.00 65.00 OK
r-release-osx-x86_64 0.2.1 NOTE
r-oldrel-windows-ix86+x86_64 0.2.1 5.00 37.00 42.00 OK
r-oldrel-osx-x86_64 0.2.1 NOTE

Check Details

Version: 0.2.1
Check: dependencies in R code
Result: NOTE
    Namespaces in Imports field not imported from:
     ‘jcolors’ ‘oompaBase’ ‘palr’ ‘pals’ ‘viridisLite’
     All declared Imports should be used.
Flavors: r-devel-linux-x86_64-fedora-clang, r-devel-linux-x86_64-fedora-gcc, r-patched-solaris-x86, r-release-osx-x86_64, r-oldrel-osx-x86_64