CRAN Package Check Results for Package paletteer

Last updated on 2019-10-14 05:47:03 CEST.

Flavor Version Tinstall Tcheck Ttotal Status Flags
r-devel-linux-x86_64-debian-clang 0.2.1 2.11 24.56 26.67 OK
r-devel-linux-x86_64-debian-gcc 0.2.1 2.07 19.57 21.64 OK
r-devel-linux-x86_64-fedora-clang 0.2.1 33.06 NOTE
r-devel-linux-x86_64-fedora-gcc 0.2.1 32.01 NOTE
r-devel-windows-ix86+x86_64 0.2.1 8.00 52.00 60.00 OK
r-patched-linux-x86_64 0.2.1 2.16 23.72 25.88 OK
r-patched-solaris-x86 0.2.1 49.00 NOTE
r-release-linux-x86_64 0.2.1 1.97 24.33 26.30 OK
r-release-windows-ix86+x86_64 0.2.1 11.00 36.00 47.00 OK
r-release-osx-x86_64 0.2.1 NOTE
r-oldrel-windows-ix86+x86_64 0.2.1 4.00 40.00 44.00 OK
r-oldrel-osx-x86_64 0.2.1 NOTE

Check Details

Version: 0.2.1
Check: dependencies in R code
Result: NOTE
    Namespaces in Imports field not imported from:
     ‘jcolors’ ‘oompaBase’ ‘palr’ ‘pals’ ‘viridisLite’
     All declared Imports should be used.
Flavors: r-devel-linux-x86_64-fedora-clang, r-devel-linux-x86_64-fedora-gcc, r-patched-solaris-x86, r-release-osx-x86_64, r-oldrel-osx-x86_64