CRAN Package Check Results for Package palinsol

Last updated on 2020-07-13 13:48:51 CEST.

Flavor Version Tinstall Tcheck Ttotal Status Flags
r-devel-linux-x86_64-debian-clang 0.93 2.99 27.69 30.68 OK
r-devel-linux-x86_64-debian-gcc 0.93 2.46 21.75 24.21 OK
r-devel-linux-x86_64-fedora-clang 0.93 45.64 OK
r-devel-linux-x86_64-fedora-gcc 0.93 37.61 OK
r-devel-windows-ix86+x86_64 0.93 7.00 39.00 46.00 OK
r-patched-linux-x86_64 0.93 3.40 27.38 30.78 OK
r-patched-solaris-x86 0.93 59.20 OK
r-release-linux-x86_64 0.93 2.80 27.88 30.68 OK
r-release-macos-x86_64 0.93 FAIL
r-release-windows-ix86+x86_64 0.93 7.00 53.00 60.00 OK
r-oldrel-macos-x86_64 0.93 OK
r-oldrel-windows-ix86+x86_64 0.93 6.00 49.00 55.00 OK

Check Details

Version: 0.93
Check: DESCRIPTION meta-information
Result: FAIL
Flavor: r-release-macos-x86_64