CRAN Package Check Results for Package pamctdp

Last updated on 2021-02-25 06:47:09 CET.

Flavor Version Tinstall Tcheck Ttotal Status Flags
r-devel-linux-x86_64-debian-clang 0.3.2 7.43 63.23 70.66 OK
r-devel-linux-x86_64-debian-gcc 0.3.2 5.15 47.69 52.84 OK
r-devel-linux-x86_64-fedora-clang 0.3.2 91.27 NOTE
r-devel-linux-x86_64-fedora-gcc 0.3.2 79.66 NOTE
r-devel-windows-ix86+x86_64 0.3.2 12.00 60.00 72.00 OK
r-patched-linux-x86_64 0.3.2 8.06 60.04 68.10 OK
r-patched-solaris-x86 0.3.2 110.20 NOTE
r-release-linux-x86_64 0.3.2 6.56 57.47 64.03 OK
r-release-macos-x86_64 0.3.2 NOTE
r-release-windows-ix86+x86_64 0.3.2 18.00 10.00 28.00 ERROR
r-oldrel-macos-x86_64 0.3.2 NOTE
r-oldrel-windows-ix86+x86_64 0.3.2 11.00 82.00 93.00 OK

Check Details

Version: 0.3.2
Check: data for non-ASCII characters
Result: NOTE
     Note: found 34 marked UTF-8 strings
Flavors: r-devel-linux-x86_64-fedora-clang, r-devel-linux-x86_64-fedora-gcc, r-patched-solaris-x86, r-release-macos-x86_64, r-oldrel-macos-x86_64

Version: 0.3.2
Check: whether package can be installed
Result: ERROR
    Installation failed.
Flavor: r-release-windows-ix86+x86_64