CRAN Package Check Results for Package pamctdp

Last updated on 2020-02-28 19:52:16 CET.

Flavor Version Tinstall Tcheck Ttotal Status Flags
r-devel-linux-x86_64-debian-clang 0.3.2 6.45 51.91 58.36 OK
r-devel-linux-x86_64-debian-gcc 0.3.2 5.52 39.56 45.08 OK
r-devel-linux-x86_64-fedora-clang 0.3.2 69.62 NOTE
r-devel-linux-x86_64-fedora-gcc 0.3.2 66.14 NOTE
r-devel-windows-ix86+x86_64 0.3.2 14.00 63.00 77.00 OK
r-devel-windows-ix86+x86_64-gcc8 0.3.2 14.00 64.00 78.00 OK
r-patched-linux-x86_64 0.3.2 4.87 45.51 50.38 OK
r-patched-solaris-x86 0.3.2 89.20 NOTE
r-release-linux-x86_64 0.3.2 5.50 46.43 51.93 OK
r-release-windows-ix86+x86_64 0.3.2 13.00 87.00 100.00 OK
r-release-osx-x86_64 0.3.2 NOTE
r-oldrel-windows-ix86+x86_64 0.3.2 8.00 61.00 69.00 OK
r-oldrel-osx-x86_64 0.3.2 NOTE

Check Details

Version: 0.3.2
Check: data for non-ASCII characters
Result: NOTE
     Note: found 34 marked UTF-8 strings
Flavors: r-devel-linux-x86_64-fedora-clang, r-devel-linux-x86_64-fedora-gcc, r-patched-solaris-x86, r-release-osx-x86_64, r-oldrel-osx-x86_64