Last updated on 2023-03-25 21:53:01 CET.
Flavor | Version | Tinstall | Tcheck | Ttotal | Status | Flags |
---|---|---|---|---|---|---|
r-devel-linux-x86_64-debian-clang | 0.3.2 | 8.00 | 66.66 | 74.66 | OK | |
r-devel-linux-x86_64-debian-gcc | 0.3.2 | 7.29 | 50.01 | 57.30 | OK | |
r-devel-linux-x86_64-fedora-clang | 0.3.2 | 94.85 | NOTE | |||
r-devel-linux-x86_64-fedora-gcc | 0.3.2 | 86.79 | NOTE | |||
r-patched-linux-x86_64 | 0.3.2 | 8.50 | 65.56 | 74.06 | OK | |
r-release-linux-x86_64 | 0.3.2 | 8.45 | 63.76 | 72.21 | OK | |
r-release-macos-arm64 | 0.3.2 | 24.00 | NOTE | |||
r-release-macos-x86_64 | 0.3.2 | 50.00 | NOTE | |||
r-release-windows-x86_64 | 0.3.2 | 21.00 | 96.00 | 117.00 | OK | |
r-oldrel-macos-arm64 | 0.3.2 | 33.00 | NOTE | |||
r-oldrel-macos-x86_64 | 0.3.2 | 42.00 | NOTE | |||
r-oldrel-windows-ix86+x86_64 | 0.3.2 | 18.00 | 98.00 | 116.00 | OK |
Version: 0.3.2
Check: data for non-ASCII characters
Result: NOTE
Note: found 34 marked UTF-8 strings
Flavors: r-devel-linux-x86_64-fedora-clang, r-devel-linux-x86_64-fedora-gcc, r-release-macos-arm64, r-release-macos-x86_64, r-oldrel-macos-arm64, r-oldrel-macos-x86_64