CRAN Package Check Results for Package pamm

Last updated on 2020-08-06 08:48:58 CEST.

Flavor Version Tinstall Tcheck Ttotal Status Flags
r-devel-linux-x86_64-debian-clang 1.121 11.94 87.05 98.99 OK
r-devel-linux-x86_64-debian-gcc 1.121 9.88 66.08 75.96 OK
r-devel-linux-x86_64-fedora-clang 1.121 122.07 OK
r-devel-linux-x86_64-fedora-gcc 1.121 109.63 OK
r-devel-windows-ix86+x86_64 1.121 34.00 91.00 125.00 OK
r-patched-linux-x86_64 1.121 9.61 82.05 91.66 OK
r-patched-solaris-x86 1.121 165.80 OK
r-release-linux-x86_64 1.121 12.64 84.02 96.66 OK
r-release-macos-x86_64 1.121 OK
r-release-windows-ix86+x86_64 1.121 22.00 136.00 158.00 OK
r-oldrel-macos-x86_64 1.121 NOTE
r-oldrel-windows-ix86+x86_64 1.121 21.00 112.00 133.00 OK

Check Details

Version: 1.121
Check: dependencies in R code
Result: NOTE
    No protocol specified
Flavor: r-oldrel-macos-x86_64