CRAN Package Check Results for Package pamm

Last updated on 2019-12-10 19:48:57 CET.

Flavor Version Tinstall Tcheck Ttotal Status Flags
r-devel-linux-x86_64-debian-clang 0.9 11.07 83.14 94.21 NOTE
r-devel-linux-x86_64-debian-gcc 0.9 9.63 62.59 72.22 NOTE
r-devel-linux-x86_64-fedora-clang 0.9 109.84 NOTE
r-devel-linux-x86_64-fedora-gcc 0.9 105.08 NOTE
r-devel-windows-ix86+x86_64 0.9 20.00 112.00 132.00 NOTE
r-devel-windows-ix86+x86_64-gcc8 0.9 20.00 123.00 143.00 NOTE
r-patched-linux-x86_64 0.9 9.25 71.30 80.55 NOTE
r-patched-solaris-x86 0.9 142.00 NOTE
r-release-linux-x86_64 0.9 9.36 72.43 81.79 NOTE
r-release-windows-ix86+x86_64 0.9 17.00 84.00 101.00 NOTE
r-release-osx-x86_64 0.9 FAIL
r-oldrel-windows-ix86+x86_64 0.9 15.00 82.00 97.00 NOTE
r-oldrel-osx-x86_64 0.9 NOTE

Check Details

Version: 0.9
Check: R code for possible problems
Result: NOTE
    EAMM: no visible global function definition for 'anova'
    PAMM: no visible global function definition for 'anova'
    SSF: no visible global function definition for 'anova'
    Undefined global functions or variables:
     anova
    Consider adding
     importFrom("stats", "anova")
    to your NAMESPACE file.
Flavors: r-devel-linux-x86_64-debian-clang, r-devel-linux-x86_64-debian-gcc, r-devel-linux-x86_64-fedora-clang, r-devel-linux-x86_64-fedora-gcc, r-devel-windows-ix86+x86_64, r-devel-windows-ix86+x86_64-gcc8, r-patched-linux-x86_64, r-patched-solaris-x86, r-release-linux-x86_64, r-release-windows-ix86+x86_64, r-oldrel-windows-ix86+x86_64

Version: 0.9
Check: dependencies in R code
Result: FAIL
Flavor: r-release-osx-x86_64

Version: 0.9
Check: R code for possible problems
Result: NOTE
    EAMM: no visible global function definition for ‘anova’
    EAMM: no visible global function definition for ‘rand’
    PAMM: no visible global function definition for ‘rand’
    PAMM: no visible global function definition for ‘anova’
    SSF: no visible global function definition for ‘rand’
    SSF: no visible global function definition for ‘anova’
    Undefined global functions or variables:
     anova rand
    Consider adding
     importFrom("stats", "anova")
    to your NAMESPACE file.
Flavor: r-oldrel-osx-x86_64