CRAN Package Check Results for Package pammtools

Last updated on 2019-03-24 01:50:58 CET.

Flavor Version Tinstall Tcheck Ttotal Status Flags
r-devel-linux-x86_64-debian-clang 0.1.9 11.03 114.40 125.43 OK
r-devel-linux-x86_64-debian-gcc 0.1.9 10.41 89.73 100.14 OK
r-devel-linux-x86_64-fedora-clang 0.1.9 154.65 OK
r-devel-linux-x86_64-fedora-gcc 0.1.9 147.26 OK
r-devel-windows-ix86+x86_64 0.1.9 39.00 160.00 199.00 OK
r-patched-linux-x86_64 0.1.9 7.51 111.12 118.63 OK
r-patched-solaris-x86 0.1.9 229.50 OK
r-release-linux-x86_64 0.1.9 0.40 2.73 3.13 ERROR
r-release-windows-ix86+x86_64 0.1.9 17.00 130.00 147.00 OK
r-release-osx-x86_64 0.1.9 OK
r-oldrel-windows-ix86+x86_64 0.1.9 13.00 150.00 163.00 OK
r-oldrel-osx-x86_64 0.1.9 OK

Check Details

Version: 0.1.9
Check: whether package can be installed
Result: ERROR
    Installation failed.
Flavor: r-release-linux-x86_64