CRAN Package Check Results for Package pamr

Last updated on 2021-06-13 10:49:50 CEST.

Flavor Version Tinstall Tcheck Ttotal Status Flags
r-devel-linux-x86_64-debian-clang 1.56.1 8.92 77.20 86.12 OK
r-devel-linux-x86_64-debian-gcc 1.56.1 8.41 59.51 67.92 OK
r-devel-linux-x86_64-fedora-clang 1.56.1 113.63 NOTE
r-devel-linux-x86_64-fedora-gcc 1.56.1 103.46 NOTE
r-devel-windows-x86_64 1.56.1 15.00 88.00 103.00 OK
r-devel-windows-x86_64-gcc10-UCRT 1.56.1 OK
r-patched-linux-x86_64 1.56.1 10.74 75.18 85.92 OK
r-patched-solaris-x86 1.56.1 151.60 OK
r-release-linux-x86_64 1.56.1 9.66 74.65 84.31 OK
r-release-macos-arm64 1.56.1 OK
r-release-macos-x86_64 1.56.1 OK
r-release-windows-ix86+x86_64 1.56.1 18.00 127.00 145.00 OK
r-oldrel-macos-x86_64 1.56.1 OK
r-oldrel-windows-ix86+x86_64 1.56.1 14.00 131.00 145.00 OK

Check Details

Version: 1.56.1
Check: compiled code
Result: NOTE
    File ‘pamr/libs/pamr.so’:
     Found no calls to: ‘R_registerRoutines’, ‘R_useDynamicSymbols’
    
    It is good practice to register native routines and to disable symbol
    search.
    
    See ‘Writing portable packages’ in the ‘Writing R Extensions’ manual.
Flavors: r-devel-linux-x86_64-fedora-clang, r-devel-linux-x86_64-fedora-gcc