CRAN Package Check Results for Package pander

Last updated on 2020-12-04 14:47:21 CET.

Flavor Version Tinstall Tcheck Ttotal Status Flags
r-devel-linux-x86_64-debian-clang 0.6.3 36.71 81.89 118.60 OK
r-devel-linux-x86_64-debian-gcc 0.6.3 24.63 65.06 89.69 OK
r-devel-linux-x86_64-fedora-clang 0.6.3 164.86 OK
r-devel-linux-x86_64-fedora-gcc 0.6.3 138.26 OK
r-devel-windows-ix86+x86_64 0.6.3 79.00 124.00 203.00 OK
r-patched-linux-x86_64 0.6.3 30.89 77.00 107.89 OK
r-patched-solaris-x86 0.6.3 160.00 OK
r-release-linux-x86_64 0.6.3 28.70 80.92 109.62 OK
r-release-macos-x86_64 0.6.3 OK
r-release-windows-ix86+x86_64 0.6.3 63.00 102.00 165.00 OK
r-oldrel-macos-x86_64 0.6.3 WARN
r-oldrel-windows-ix86+x86_64 0.6.3 72.00 129.00 201.00 OK

Check Details

Version: 0.6.3
Check: re-building of vignette outputs
Result: WARN
    Error(s) in re-building vignettes:
    --- re-building ‘evals.Rmd’ using rmarkdown
    Warning in engine$weave(file, quiet = quiet, encoding = enc) :
     Pandoc (>= 1.12.3) and/or pandoc-citeproc not available. Falling back to R Markdown v1.
    Quitting from lines 13-19 (evals.Rmd)
    Error: processing vignette 'evals.Rmd' failed with diagnostics:
    package or namespace load failed for 'futile.logger' in loadNamespace(j <- i[[1L]], c(lib.loc, .libPaths()), versionCheck = vI[[j]]):
     there is no package called 'formatR'
    --- failed re-building ‘evals.Rmd’
    
    --- re-building ‘knitr.Rmd’ using rmarkdown
    Warning in engine$weave(file, quiet = quiet, encoding = enc) :
     Pandoc (>= 1.12.3) and/or pandoc-citeproc not available. Falling back to R Markdown v1.
    --- finished re-building ‘knitr.Rmd’
    
    --- re-building ‘pander.Rmd’ using rmarkdown
    Warning in engine$weave(file, quiet = quiet, encoding = enc) :
     Pandoc (>= 1.12.3) and/or pandoc-citeproc not available. Falling back to R Markdown v1.
    Loading required package: Hmisc
    Loading required package: lattice
    Loading required package: survival
    Loading required package: Formula
    Loading required package: ggplot2
    
    Attaching package: 'Hmisc'
    
    The following objects are masked from 'package:base':
    
     format.pval, units
    
    --- finished re-building ‘pander.Rmd’
    
    --- re-building ‘pandoc_table.Rmd’ using rmarkdown
    Warning in engine$weave(file, quiet = quiet, encoding = enc) :
     Pandoc (>= 1.12.3) and/or pandoc-citeproc not available. Falling back to R Markdown v1.
    --- finished re-building ‘pandoc_table.Rmd’
    
    SUMMARY: processing the following file failed:
     ‘evals.Rmd’
    
    Error: Vignette re-building failed.
    Execution halted
Flavor: r-oldrel-macos-x86_64