CRAN Package Check Results for Package panelAR

Last updated on 2020-03-31 19:49:50 CEST.

Flavor Version Tinstall Tcheck Ttotal Status Flags
r-devel-linux-x86_64-debian-clang 0.1 5.99 44.21 50.20 NOTE
r-devel-linux-x86_64-debian-gcc 0.1 5.02 36.26 41.28 NOTE
r-devel-linux-x86_64-fedora-clang 0.1 59.21 NOTE
r-devel-linux-x86_64-fedora-gcc 0.1 57.13 NOTE
r-devel-windows-ix86+x86_64 0.1 20.00 60.00 80.00 NOTE
r-devel-windows-ix86+x86_64-gcc8 0.1 13.00 60.00 73.00 NOTE
r-patched-linux-x86_64 0.1 5.58 41.69 47.27 NOTE
r-patched-solaris-x86 0.1 96.40 NOTE
r-release-linux-x86_64 0.1 4.47 41.41 45.88 NOTE
r-release-windows-ix86+x86_64 0.1 23.00 92.00 115.00 NOTE
r-release-osx-x86_64 0.1 NOTE
r-oldrel-windows-ix86+x86_64 0.1 14.00 86.00 100.00 NOTE
r-oldrel-osx-x86_64 0.1 NOTE

Check Details

Version: 0.1
Check: R code for possible problems
Result: NOTE
    est.rho: no visible global function definition for 'embed'
    est.rho: no visible global function definition for 'na.omit'
    gls: no visible global function definition for 'model.response'
    gls: no visible global function definition for 'model.frame'
    panelAR: no visible global function definition for 'lm'
    panelAR: no visible global function definition for 'model.matrix'
    panelAR: no visible global function definition for 'model.frame'
    panelAR: no visible global function definition for 'model.response'
    panelAR: no visible global function definition for 'residuals'
    panelAR: no visible global function definition for 'reshape'
    plot.panelAR: no visible global function definition for 'image'
    plot.panelAR: no visible global function definition for 'axis'
    plot.panelAR: no visible global function definition for 'text'
    plot.panelAR: no visible global function definition for 'par'
    prais.correct: no visible global function definition for 'na.omit'
    prais.correct: no visible global function definition for 'lm'
    prais.transform: no visible global function definition for 'embed'
    prais.transform: no visible global function definition for
     'complete.cases'
    predict.panelAR: no visible binding for global variable 'na.pass'
    predict.panelAR: no visible global function definition for
     'delete.response'
    predict.panelAR: no visible global function definition for
     'model.matrix'
    predict.panelAR: no visible global function definition for
     'model.frame'
    predict.panelAR: no visible global function definition for
     '.checkMFClasses'
    predict.panelAR: no visible global function definition for 'qt'
    print.summary.panelAR: no visible global function definition for
     'printCoefmat'
    summary.panelAR: no visible global function definition for 'pt'
    Undefined global functions or variables:
     .checkMFClasses axis complete.cases delete.response embed image lm
     model.frame model.matrix model.response na.omit na.pass par
     printCoefmat pt qt reshape residuals text
    Consider adding
     importFrom("graphics", "axis", "image", "par", "text")
     importFrom("stats", ".checkMFClasses", "complete.cases",
     "delete.response", "embed", "lm", "model.frame",
     "model.matrix", "model.response", "na.omit", "na.pass",
     "printCoefmat", "pt", "qt", "reshape", "residuals")
    to your NAMESPACE file.
Flavors: r-devel-linux-x86_64-debian-clang, r-devel-linux-x86_64-debian-gcc, r-devel-linux-x86_64-fedora-clang, r-devel-linux-x86_64-fedora-gcc, r-devel-windows-ix86+x86_64, r-devel-windows-ix86+x86_64-gcc8, r-patched-linux-x86_64, r-patched-solaris-x86, r-release-linux-x86_64, r-release-windows-ix86+x86_64, r-release-osx-x86_64, r-oldrel-windows-ix86+x86_64, r-oldrel-osx-x86_64