CRAN Package Check Results for Package panelr

Last updated on 2022-01-28 11:52:25 CET.

Flavor Version Tinstall Tcheck Ttotal Status Flags
r-devel-linux-x86_64-debian-clang 0.7.6 18.39 437.37 455.76 OK
r-devel-linux-x86_64-debian-gcc 0.7.6 15.65 324.81 340.46 OK
r-devel-linux-x86_64-fedora-clang 0.7.6 468.38 NOTE
r-devel-linux-x86_64-fedora-gcc 0.7.6 465.60 OK
r-devel-windows-x86_64-new-UL 0.7.6 88.00 459.00 547.00 OK
r-devel-windows-x86_64-new-TK 0.7.6 ERROR
r-patched-linux-x86_64 0.7.6 17.63 367.73 385.36 OK
r-release-linux-x86_64 0.7.6 20.21 368.20 388.41 OK
r-release-macos-arm64 0.7.6 OK
r-release-macos-x86_64 0.7.6 OK
r-release-windows-ix86+x86_64 0.7.6 38.00 426.00 464.00 OK
r-oldrel-macos-x86_64 0.7.6 OK
r-oldrel-windows-ix86+x86_64 0.7.6 38.00 447.00 485.00 OK

Check Details

Version: 0.7.6
Check: Rd cross-references
Result: NOTE
    Undeclared package ‘AER’ in Rd xrefs
Flavor: r-devel-linux-x86_64-fedora-clang

Version: 0.7.6
Check: package dependencies
Result: ERROR
    Packages required but not available: 'lme4', 'lmerTest'
    
    Package suggested but not available for checking: 'car'
    
    See section 'The DESCRIPTION file' in the 'Writing R Extensions'
    manual.
Flavor: r-devel-windows-x86_64-new-TK