CRAN Package Check Results for Package panelr

Last updated on 2020-02-25 13:48:05 CET.

Flavor Version Tinstall Tcheck Ttotal Status Flags
r-devel-linux-x86_64-debian-clang 0.7.1 16.05 237.20 253.25 OK
r-devel-linux-x86_64-debian-gcc 0.7.1 14.07 168.84 182.91 ERROR
r-devel-linux-x86_64-fedora-clang 0.7.1 290.22 ERROR
r-devel-linux-x86_64-fedora-gcc 0.7.1 232.45 ERROR
r-devel-windows-ix86+x86_64 0.7.1 30.00 222.00 252.00 OK
r-devel-windows-ix86+x86_64-gcc8 0.7.1 32.00 213.00 245.00 ERROR
r-patched-linux-x86_64 0.7.1 12.76 195.68 208.44 ERROR
r-patched-solaris-x86 0.7.1 349.60 ERROR
r-release-linux-x86_64 0.7.1 12.08 196.68 208.76 ERROR
r-release-windows-ix86+x86_64 0.7.1 23.00 217.00 240.00 OK
r-release-osx-x86_64 0.7.1 OK
r-oldrel-windows-ix86+x86_64 0.7.1 19.00 221.00 240.00 WARN
r-oldrel-osx-x86_64 0.7.1 WARN

Check Details

Version: 0.7.1
Check: tests
Result: ERROR
     Running ‘testthat.R’ [43s/58s]
    Running the tests in ‘tests/testthat.R’ failed.
    Complete output:
     > library(testthat)
     > library(panelr)
     Loading required package: lme4
     Loading required package: Matrix
    
     Attaching package: 'panelr'
    
     The following object is masked from 'package:stats':
    
     filter
    
     >
     > test_check("panelr")
     ── 1. Error: (unknown) (@test_wbm.R#283) ──────────────────────────────────────
     could not find function "arma"
     Backtrace:
     1. panelr::wbm_stan(...)
     2. brms::make_stancode(...)
     4. brms:::validate_formula.default(...)
     6. brms:::validate_formula.brmsformula(bf(formula), ...)
     7. brms:::validate_autocor(autocor)
     8. brms:::parse_ac(autocor)
     9. base::lapply(out, eval2)
    
     ══ testthat results ═══════════════════════════════════════════════════════════
     [ OK: 271 | SKIPPED: 0 | WARNINGS: 60 | FAILED: 1 ]
     1. Error: (unknown) (@test_wbm.R#283)
    
     Error: testthat unit tests failed
     Execution halted
Flavor: r-devel-linux-x86_64-debian-gcc

Version: 0.7.1
Check: tests
Result: ERROR
     Running ‘testthat.R’ [70s/70s]
    Running the tests in ‘tests/testthat.R’ failed.
    Complete output:
     > library(testthat)
     > library(panelr)
     Loading required package: lme4
     Loading required package: Matrix
    
     Attaching package: 'panelr'
    
     The following object is masked from 'package:stats':
    
     filter
    
     >
     > test_check("panelr")
     ── 1. Error: (unknown) (@test_wbm.R#283) ──────────────────────────────────────
     could not find function "arma"
     Backtrace:
     1. panelr::wbm_stan(...)
     2. brms::make_stancode(...)
     4. brms:::validate_formula.default(...)
     6. brms:::validate_formula.brmsformula(bf(formula), ...)
     7. brms:::validate_autocor(autocor)
     8. brms:::parse_ac(autocor)
     9. base::lapply(out, eval2)
    
     ══ testthat results ═══════════════════════════════════════════════════════════
     [ OK: 271 | SKIPPED: 0 | WARNINGS: 60 | FAILED: 1 ]
     1. Error: (unknown) (@test_wbm.R#283)
    
     Error: testthat unit tests failed
     Execution halted
Flavor: r-devel-linux-x86_64-fedora-clang

Version: 0.7.1
Check: tests
Result: ERROR
     Running ‘testthat.R’ [46s/46s]
    Running the tests in ‘tests/testthat.R’ failed.
    Complete output:
     > library(testthat)
     > library(panelr)
     Loading required package: lme4
     Loading required package: Matrix
    
     Attaching package: 'panelr'
    
     The following object is masked from 'package:stats':
    
     filter
    
     >
     > test_check("panelr")
     ── 1. Error: (unknown) (@test_wbm.R#283) ──────────────────────────────────────
     could not find function "arma"
     Backtrace:
     1. panelr::wbm_stan(...)
     2. brms::make_stancode(...)
     4. brms:::validate_formula.default(...)
     6. brms:::validate_formula.brmsformula(bf(formula), ...)
     7. brms:::validate_autocor(autocor)
     8. brms:::parse_ac(autocor)
     9. base::lapply(out, eval2)
    
     ══ testthat results ═══════════════════════════════════════════════════════════
     [ OK: 271 | SKIPPED: 0 | WARNINGS: 60 | FAILED: 1 ]
     1. Error: (unknown) (@test_wbm.R#283)
    
     Error: testthat unit tests failed
     Execution halted
Flavor: r-devel-linux-x86_64-fedora-gcc

Version: 0.7.1
Check: tests
Result: ERROR
     Running 'testthat.R' [51s]
    Running the tests in 'tests/testthat.R' failed.
    Complete output:
     > library(testthat)
     > library(panelr)
     Loading required package: lme4
     Loading required package: Matrix
    
     Attaching package: 'panelr'
    
     The following object is masked from 'package:stats':
    
     filter
    
     >
     > test_check("panelr")
     -- 1. Error: (unknown) (@test_wbm.R#283) --------------------------------------
     could not find function "arma"
     Backtrace:
     1. panelr::wbm_stan(...)
     2. brms::make_stancode(...)
     4. brms:::validate_formula.default(...)
     6. brms:::validate_formula.brmsformula(bf(formula), ...)
     7. brms:::validate_autocor(autocor)
     8. brms:::parse_ac(autocor)
     9. base::lapply(out, eval2)
    
     == testthat results ===========================================================
     [ OK: 271 | SKIPPED: 0 | WARNINGS: 60 | FAILED: 1 ]
     1. Error: (unknown) (@test_wbm.R#283)
    
     Error: testthat unit tests failed
     Execution halted
Flavor: r-devel-windows-ix86+x86_64-gcc8

Version: 0.7.1
Check: tests
Result: ERROR
     Running ‘testthat.R’ [52s/54s]
    Running the tests in ‘tests/testthat.R’ failed.
    Complete output:
     > library(testthat)
     > library(panelr)
     Loading required package: lme4
     Loading required package: Matrix
    
     Attaching package: 'panelr'
    
     The following object is masked from 'package:stats':
    
     filter
    
     >
     > test_check("panelr")
     ── 1. Error: (unknown) (@test_wbm.R#283) ──────────────────────────────────────
     could not find function "arma"
     Backtrace:
     1. panelr::wbm_stan(...)
     2. brms::make_stancode(...)
     4. brms:::validate_formula.default(...)
     6. brms:::validate_formula.brmsformula(bf(formula), ...)
     7. brms:::validate_autocor(autocor)
     8. brms:::parse_ac(autocor)
     9. base::lapply(out, eval2)
    
     ══ testthat results ═══════════════════════════════════════════════════════════
     [ OK: 271 | SKIPPED: 0 | WARNINGS: 4 | FAILED: 1 ]
     1. Error: (unknown) (@test_wbm.R#283)
    
     Error: testthat unit tests failed
     Execution halted
Flavor: r-patched-linux-x86_64

Version: 0.7.1
Check: tests
Result: ERROR
     Running ‘testthat.R’ [78s/101s]
    Running the tests in ‘tests/testthat.R’ failed.
    Complete output:
     > library(testthat)
     > library(panelr)
     Loading required package: lme4
     Loading required package: Matrix
    
     Attaching package: 'panelr'
    
     The following object is masked from 'package:stats':
    
     filter
    
     >
     > test_check("panelr")
     ── 1. Error: (unknown) (@test_wbm.R#283) ──────────────────────────────────────
     could not find function "arma"
     Backtrace:
     1. panelr::wbm_stan(...)
     2. brms::make_stancode(...)
     4. brms:::validate_formula.default(...)
     6. brms:::validate_formula.brmsformula(bf(formula), ...)
     7. brms:::validate_autocor(autocor)
     8. brms:::parse_ac(autocor)
     9. base::lapply(out, eval2)
    
     ══ testthat results ═══════════════════════════════════════════════════════════
     [ OK: 271 | SKIPPED: 0 | WARNINGS: 4 | FAILED: 1 ]
     1. Error: (unknown) (@test_wbm.R#283)
    
     Error: testthat unit tests failed
     Execution halted
Flavor: r-patched-solaris-x86

Version: 0.7.1
Check: tests
Result: ERROR
     Running ‘testthat.R’ [52s/55s]
    Running the tests in ‘tests/testthat.R’ failed.
    Complete output:
     > library(testthat)
     > library(panelr)
     Loading required package: lme4
     Loading required package: Matrix
    
     Attaching package: 'panelr'
    
     The following object is masked from 'package:stats':
    
     filter
    
     >
     > test_check("panelr")
     ── 1. Error: (unknown) (@test_wbm.R#283) ──────────────────────────────────────
     could not find function "arma"
     Backtrace:
     1. panelr::wbm_stan(...)
     2. brms::make_stancode(...)
     4. brms:::validate_formula.default(...)
     6. brms:::validate_formula.brmsformula(bf(formula), ...)
     7. brms:::validate_autocor(autocor)
     8. brms:::parse_ac(autocor)
     9. base::lapply(out, eval2)
    
     ══ testthat results ═══════════════════════════════════════════════════════════
     [ OK: 271 | SKIPPED: 0 | WARNINGS: 4 | FAILED: 1 ]
     1. Error: (unknown) (@test_wbm.R#283)
    
     Error: testthat unit tests failed
     Execution halted
Flavor: r-release-linux-x86_64

Version: 0.7.1
Check: for missing documentation entries
Result: WARN
    Undocumented code objects:
     'knit_print.summary.panel_data'
    All user-level objects in a package should have documentation entries.
    See chapter 'Writing R documentation files' in the 'Writing R
    Extensions' manual.
Flavors: r-oldrel-windows-ix86+x86_64, r-oldrel-osx-x86_64