CRAN Package Check Results for Package panelvar

Last updated on 2019-01-18 02:49:16 CET.

Flavor Version Tinstall Tcheck Ttotal Status Flags
r-devel-linux-x86_64-debian-clang 0.5.1 7.78 85.75 93.53 OK
r-devel-linux-x86_64-debian-gcc 0.5.1 8.28 65.53 73.81 OK
r-devel-linux-x86_64-fedora-clang 0.5.1 109.88 NOTE
r-devel-linux-x86_64-fedora-gcc 0.5.1 105.75 NOTE
r-devel-windows-ix86+x86_64 0.5.1 21.00 136.00 157.00 OK
r-patched-linux-x86_64 0.5.1 10.06 77.62 87.68 OK
r-patched-solaris-x86 0.5.1 162.50 NOTE
r-release-linux-x86_64 0.5.1 6.87 77.94 84.81 OK
r-release-windows-ix86+x86_64 0.5.1 19.00 125.00 144.00 OK
r-release-osx-x86_64 0.5.1 NOTE
r-oldrel-windows-ix86+x86_64 0.5.1 18.00 89.00 107.00 OK
r-oldrel-osx-x86_64 0.5.1 NOTE

Check Details

Version: 0.5.1
Check: dependencies in R code
Result: NOTE
    Namespace in Imports field not imported from: ‘methods’
     All declared Imports should be used.
Flavors: r-devel-linux-x86_64-fedora-clang, r-devel-linux-x86_64-fedora-gcc, r-patched-solaris-x86, r-release-osx-x86_64, r-oldrel-osx-x86_64