CRAN Package Check Results for Package panelvar

Last updated on 2019-03-23 19:50:42 CET.

Flavor Version Tinstall Tcheck Ttotal Status Flags
r-devel-linux-x86_64-debian-clang 0.5.2 12.59 83.63 96.22 OK
r-devel-linux-x86_64-debian-gcc 0.5.2 10.44 67.33 77.77 OK
r-devel-linux-x86_64-fedora-clang 0.5.2 116.95 NOTE
r-devel-linux-x86_64-fedora-gcc 0.5.2 115.57 NOTE
r-devel-windows-ix86+x86_64 0.5.2 30.00 132.00 162.00 OK
r-patched-linux-x86_64 0.5.2 10.02 81.01 91.03 OK
r-patched-solaris-x86 0.5.2 160.80 NOTE
r-release-linux-x86_64 0.5.2 0.39 2.41 2.80 ERROR
r-release-windows-ix86+x86_64 0.5.2 16.00 93.00 109.00 OK
r-release-osx-x86_64 0.5.2 NOTE
r-oldrel-windows-ix86+x86_64 0.5.2 21.00 131.00 152.00 OK
r-oldrel-osx-x86_64 0.5.2 NOTE

Check Details

Version: 0.5.2
Check: dependencies in R code
Result: NOTE
    Namespace in Imports field not imported from: ‘methods’
     All declared Imports should be used.
Flavors: r-devel-linux-x86_64-fedora-clang, r-devel-linux-x86_64-fedora-gcc, r-patched-solaris-x86, r-release-osx-x86_64, r-oldrel-osx-x86_64

Version: 0.5.2
Check: whether package can be installed
Result: ERROR
    Installation failed.
Flavor: r-release-linux-x86_64