CRAN Package Check Results for Package panelvar

Last updated on 2019-06-25 19:49:51 CEST.

Flavor Version Tinstall Tcheck Ttotal Status Flags
r-devel-linux-x86_64-debian-clang 0.5.2 13.12 86.65 99.77 OK
r-devel-linux-x86_64-debian-gcc 0.5.2 11.15 67.88 79.03 OK
r-devel-linux-x86_64-fedora-clang 0.5.2 115.64 NOTE
r-devel-linux-x86_64-fedora-gcc 0.5.2 111.72 NOTE
r-devel-windows-ix86+x86_64 0.5.2 30.00 101.00 131.00 OK
r-patched-linux-x86_64 0.5.2 11.36 84.42 95.78 OK
r-patched-solaris-x86 0.5.2 172.30 NOTE
r-release-linux-x86_64 0.5.2 13.11 85.14 98.25 OK
r-release-windows-ix86+x86_64 0.5.2 23.00 143.00 166.00 OK
r-release-osx-x86_64 0.5.2 NOTE
r-oldrel-windows-ix86+x86_64 0.5.2 13.00 96.00 109.00 OK
r-oldrel-osx-x86_64 0.5.2 NOTE

Check Details

Version: 0.5.2
Check: dependencies in R code
Result: NOTE
    Namespace in Imports field not imported from: ‘methods’
     All declared Imports should be used.
Flavors: r-devel-linux-x86_64-fedora-clang, r-devel-linux-x86_64-fedora-gcc, r-patched-solaris-x86, r-release-osx-x86_64, r-oldrel-osx-x86_64