CRAN Package Check Results for Package parallelMap

Last updated on 2019-07-21 16:47:36 CEST.

Flavor Version Tinstall Tcheck Ttotal Status Flags
r-devel-linux-x86_64-debian-clang 1.4 2.23 52.59 54.82 OK
r-devel-linux-x86_64-debian-gcc 1.4 2.11 43.80 45.91 OK
r-devel-linux-x86_64-fedora-clang 1.4 58.49 OK
r-devel-linux-x86_64-fedora-gcc 1.4 54.73 OK
r-devel-windows-ix86+x86_64 1.4 5.00 87.00 92.00 OK
r-patched-linux-x86_64 1.4 2.36 50.27 52.63 OK
r-patched-solaris-x86 1.4 101.90 OK
r-release-linux-x86_64 1.4 1.94 48.52 50.46 OK
r-release-windows-ix86+x86_64 1.4 11.00 65.00 76.00 OK
r-release-osx-x86_64 1.4 NOTE
r-oldrel-windows-ix86+x86_64 1.4 4.00 66.00 70.00 OK
r-oldrel-osx-x86_64 1.4 NOTE

Check Details

Version: 1.4
Check: package dependencies
Result: NOTE
    Package suggested but not available for checking: ‘Rmpi’
Flavors: r-release-osx-x86_64, r-oldrel-osx-x86_64

Version: 1.4
Check: Rd cross-references
Result: NOTE
    Package unavailable to check Rd xrefs: ‘Rmpi’
Flavors: r-release-osx-x86_64, r-oldrel-osx-x86_64