CRAN Package Check Results for Package parallelMap

Last updated on 2021-09-20 08:50:33 CEST.

Flavor Version Tinstall Tcheck Ttotal Status Flags
r-devel-linux-x86_64-debian-clang 1.5.1 3.36 54.80 58.16 OK
r-devel-linux-x86_64-debian-gcc 1.5.1 2.41 43.52 45.93 OK
r-devel-linux-x86_64-fedora-clang 1.5.1 77.35 OK
r-devel-linux-x86_64-fedora-gcc 1.5.1 67.05 OK
r-devel-windows-x86_64 1.5.1 4.00 64.00 68.00 OK
r-devel-windows-x86_64-gcc10-UCRT 1.5.1 ERROR
r-patched-linux-x86_64 1.5.1 3.68 52.66 56.34 OK
r-patched-solaris-x86 1.5.1 127.30 OK
r-release-linux-x86_64 1.5.1 2.56 52.47 55.03 OK
r-release-macos-arm64 1.5.1 NOTE
r-release-macos-x86_64 1.5.1 NOTE
r-release-windows-ix86+x86_64 1.5.1 6.00 63.00 69.00 OK
r-oldrel-macos-x86_64 1.5.1 NOTE
r-oldrel-windows-ix86+x86_64 1.5.1 7.00 60.00 67.00 OK

Check Details

Version: 1.5.1
Check: whether package can be installed
Result: WARN
    Found the following significant warnings:
     WARNING: installation-time patches will not be applied, could not get the patches index
Flavor: r-devel-windows-x86_64-gcc10-UCRT

Version: 1.5.1
Check: PDF version of manual
Result: WARN
    LaTeX errors when creating PDF version.
    This typically indicates Rd problems.
Flavor: r-devel-windows-x86_64-gcc10-UCRT

Version: 1.5.1
Check: PDF version of manual without hyperrefs or index
Result: ERROR
    Re-running with no redirection of stdout/stderr.
Flavor: r-devel-windows-x86_64-gcc10-UCRT

Version: 1.5.1
Check: package dependencies
Result: NOTE
    Package suggested but not available for checking: ‘Rmpi’
Flavors: r-release-macos-arm64, r-release-macos-x86_64, r-oldrel-macos-x86_64