CRAN Package Check Results for Package parallelMap

Last updated on 2019-05-22 06:47:43 CEST.

Flavor Version Tinstall Tcheck Ttotal Status Flags
r-devel-linux-x86_64-debian-clang 1.4 2.52 51.27 53.79 OK
r-devel-linux-x86_64-debian-gcc 1.4 1.95 43.78 45.73 OK
r-devel-linux-x86_64-fedora-clang 1.4 58.16 OK
r-devel-linux-x86_64-fedora-gcc 1.4 53.71 OK
r-devel-windows-ix86+x86_64 1.4 10.00 61.00 71.00 OK
r-patched-linux-x86_64 1.4 2.40 50.60 53.00 OK
r-patched-solaris-x86 1.4 100.40 OK
r-release-linux-x86_64 1.4 2.61 47.43 50.04 OK
r-release-windows-ix86+x86_64 1.4 10.00 84.00 94.00 OK
r-release-osx-x86_64 1.4 NOTE
r-oldrel-windows-ix86+x86_64 1.4 5.00 58.00 63.00 OK
r-oldrel-osx-x86_64 1.4 NOTE

Check Details

Version: 1.4
Check: package dependencies
Result: NOTE
    Package suggested but not available for checking: ‘Rmpi’
Flavors: r-release-osx-x86_64, r-oldrel-osx-x86_64

Version: 1.4
Check: Rd cross-references
Result: NOTE
    Package unavailable to check Rd xrefs: ‘Rmpi’
Flavors: r-release-osx-x86_64, r-oldrel-osx-x86_64