Last updated on 2023-09-24 14:00:05 CEST.
Flavor | Version | Tinstall | Tcheck | Ttotal | Status | Flags |
---|---|---|---|---|---|---|
r-devel-linux-x86_64-debian-clang | 1.36.0 | 5.98 | 57.76 | 63.74 | NOTE | |
r-devel-linux-x86_64-debian-gcc | 1.36.0 | 3.42 | 43.59 | 47.01 | NOTE | |
r-devel-linux-x86_64-fedora-clang | 1.36.0 | 78.84 | NOTE | |||
r-devel-linux-x86_64-fedora-gcc | 1.36.0 | 77.16 | NOTE | |||
r-devel-windows-x86_64 | 1.36.0 | 11.00 | 111.00 | 122.00 | NOTE | |
r-patched-linux-x86_64 | 1.36.0 | 5.89 | 56.42 | 62.31 | OK | |
r-release-linux-x86_64 | 1.36.0 | 5.27 | 56.59 | 61.86 | OK | |
r-release-macos-arm64 | 1.36.0 | 40.00 | OK | |||
r-release-macos-x86_64 | 1.36.0 | 84.00 | OK | |||
r-release-windows-x86_64 | 1.36.0 | 12.00 | 115.00 | 127.00 | OK | |
r-oldrel-macos-arm64 | 1.36.0 | 44.00 | OK | |||
r-oldrel-macos-x86_64 | 1.36.0 | 71.00 | OK | |||
r-oldrel-windows-x86_64 | 1.36.0 | 12.00 | 109.00 | 121.00 | OK |
Version: 1.36.0
Check: Rd \usage sections
Result: NOTE
Documented arguments not in \usage in documentation object 'getOption2':
‘envvar’
Functions with \usage entries need to have the appropriate \alias
entries, and all their arguments documented.
The \usage entries must correspond to syntactically valid R code.
See chapter ‘Writing R documentation files’ in the ‘Writing R
Extensions’ manual.
Flavors: r-devel-linux-x86_64-debian-clang, r-devel-linux-x86_64-debian-gcc, r-devel-linux-x86_64-fedora-clang, r-devel-linux-x86_64-fedora-gcc, r-devel-windows-x86_64