Last updated on 2023-02-08 04:52:07 CET.
Flavor | Version | Tinstall | Tcheck | Ttotal | Status | Flags |
---|---|---|---|---|---|---|
r-devel-linux-x86_64-debian-clang | 1.0.1 | 248.44 | 35.90 | 284.34 | NOTE | |
r-devel-linux-x86_64-debian-gcc | 1.0.1 | 196.28 | 27.80 | 224.08 | NOTE | |
r-devel-linux-x86_64-fedora-clang | 1.0.1 | 464.90 | NOTE | |||
r-devel-linux-x86_64-fedora-gcc | 1.0.1 | 487.05 | NOTE | |||
r-devel-windows-x86_64 | 1.0.1 | 210.00 | 102.00 | 312.00 | NOTE | |
r-patched-linux-x86_64 | 1.0.1 | 214.92 | 33.81 | 248.73 | OK | |
r-release-linux-x86_64 | 1.0.1 | 209.40 | 96.15 | 305.55 | OK | |
r-release-macos-arm64 | 1.0.1 | 95.00 | NOTE | |||
r-release-macos-x86_64 | 1.0.1 | 133.00 | NOTE | |||
r-release-windows-x86_64 | 1.0.1 | 197.00 | 122.00 | 319.00 | OK | |
r-oldrel-macos-arm64 | 1.0.1 | 95.00 | NOTE | |||
r-oldrel-macos-x86_64 | 1.0.1 | 138.00 | NOTE | |||
r-oldrel-windows-ix86+x86_64 | 1.0.1 | 575.00 | 105.00 | 680.00 | NOTE |
Version: 1.0.1
Check: C++ specification
Result: NOTE
Specified C++14: please update to current default of C++17
Flavors: r-devel-linux-x86_64-debian-clang, r-devel-windows-x86_64
Version: 1.0.1
Check: C++ specification
Result: NOTE
Specified C++14: please drop specification unless essential
Flavors: r-devel-linux-x86_64-debian-gcc, r-devel-linux-x86_64-fedora-clang, r-devel-linux-x86_64-fedora-gcc
Version: 1.0.1
Check: installed package size
Result: NOTE
installed size is 14.3Mb
sub-directories of 1Mb or more:
libs 14.0Mb
Flavors: r-release-macos-arm64, r-release-macos-x86_64, r-oldrel-macos-arm64, r-oldrel-macos-x86_64, r-oldrel-windows-ix86+x86_64