Last updated on 2023-12-10 21:49:22 CET.
Flavor | Version | Tinstall | Tcheck | Ttotal | Status | Flags |
---|---|---|---|---|---|---|
r-devel-linux-x86_64-debian-clang | 1.4 | 290.99 | 36.41 | 327.40 | OK | |
r-devel-linux-x86_64-debian-gcc | 1.4 | 203.37 | 28.28 | 231.65 | OK | |
r-devel-linux-x86_64-fedora-clang | 1.4 | 516.68 | OK | |||
r-devel-linux-x86_64-fedora-gcc | 1.4 | 594.25 | OK | |||
r-devel-windows-x86_64 | 1.4 | 206.00 | 82.00 | 288.00 | OK | |
r-patched-linux-x86_64 | 1.4 | 251.89 | 35.54 | 287.43 | OK | |
r-release-linux-x86_64 | 1.4 | 249.89 | 35.81 | 285.70 | OK | |
r-release-macos-arm64 | 1.4 | 110.00 | NOTE | |||
r-release-macos-x86_64 | 1.4 | 150.00 | NOTE | |||
r-release-windows-x86_64 | 1.4 | 223.00 | 99.00 | 322.00 | OK | |
r-oldrel-macos-arm64 | 1.4 | 97.00 | NOTE | |||
r-oldrel-macos-x86_64 | 1.4 | 148.00 | NOTE | |||
r-oldrel-windows-x86_64 | 1.4 | 283.00 | 90.00 | 373.00 | OK |
Version: 1.4
Check: installed package size
Result: NOTE
installed size is 16.6Mb
sub-directories of 1Mb or more:
libs 16.2Mb
Flavors: r-release-macos-arm64, r-release-macos-x86_64, r-oldrel-macos-arm64, r-oldrel-macos-x86_64