CRAN Package Check Results for Package param6

Last updated on 2021-08-05 11:53:13 CEST.

Flavor Version Tinstall Tcheck Ttotal Status Flags
r-devel-linux-x86_64-debian-clang 0.2.1 5.93 64.62 70.55 OK
r-devel-linux-x86_64-debian-gcc 0.2.1 5.16 46.84 52.00 OK
r-devel-linux-x86_64-fedora-clang 0.2.1 92.57 OK
r-devel-linux-x86_64-fedora-gcc 0.2.1 78.77 OK
r-devel-windows-x86_64 0.2.1 10.00 82.00 92.00 OK
r-devel-windows-x86_64-gcc10-UCRT 0.2.1 ERROR
r-patched-linux-x86_64 0.2.1 7.63 59.26 66.89 OK
r-patched-solaris-x86 0.2.1 106.40 OK
r-release-linux-x86_64 0.2.1 5.56 59.36 64.92 OK
r-release-macos-arm64 0.2.1 OK
r-release-macos-x86_64 0.2.1 OK
r-release-windows-ix86+x86_64 0.2.1 10.00 61.00 71.00 OK
r-oldrel-macos-x86_64 0.2.1 OK
r-oldrel-windows-ix86+x86_64 0.2.1 13.00 77.00 90.00 OK

Check Details

Version: 0.2.1
Check: package dependencies
Result: NOTE
    Package suggested but not available for checking: 'testthat'
Flavor: r-devel-windows-x86_64-gcc10-UCRT

Version: 0.2.1
Check: tests
Result: ERROR
     Running 'testthat.R'
    Running the tests in 'tests/testthat.R' failed.
    Complete output:
     > library(testthat)
     Error in library(testthat) : there is no package called 'testthat'
     Execution halted
Flavor: r-devel-windows-x86_64-gcc10-UCRT