Last updated on 2023-05-31 10:59:21 CEST.
Flavor | Version | Tinstall | Tcheck | Ttotal | Status | Flags |
---|---|---|---|---|---|---|
r-devel-linux-x86_64-debian-clang | 0.21.1 | 32.79 | 446.88 | 479.67 | OK | |
r-devel-linux-x86_64-debian-gcc | 0.21.1 | 26.43 | 321.11 | 347.54 | OK | |
r-devel-linux-x86_64-fedora-clang | 0.21.1 | 632.89 | OK | |||
r-devel-linux-x86_64-fedora-gcc | 0.21.1 | 588.39 | OK | |||
r-devel-windows-x86_64 | 0.21.1 | 28.00 | 290.00 | 318.00 | OK | |
r-patched-linux-x86_64 | 0.21.1 | 42.28 | 407.41 | 449.69 | OK | |
r-release-linux-x86_64 | 0.21.1 | 29.96 | 414.40 | 444.36 | NOTE | |
r-release-macos-arm64 | 0.21.1 | 128.00 | OK | |||
r-release-macos-x86_64 | 0.21.0 | 305.00 | OK | |||
r-release-windows-x86_64 | 0.21.1 | 40.00 | 373.00 | 413.00 | OK | |
r-oldrel-macos-arm64 | 0.21.1 | 132.00 | OK | |||
r-oldrel-macos-x86_64 | 0.21.1 | 158.00 | OK | |||
r-oldrel-windows-x86_64 | 0.21.1 | 34.00 | 271.00 | 305.00 | OK |
Version: 0.21.1
Check: package dependencies
Result: NOTE
Package suggested but not available for checking: ‘metaBMA’
Flavor: r-release-linux-x86_64