CRAN Package Check Results for Package paramhetero

Last updated on 2024-06-12 20:59:07 CEST.

Flavor Version Tinstall Tcheck Ttotal Status Flags
r-devel-linux-x86_64-debian-clang 1.0.0 4.86 46.74 51.60 OK
r-devel-linux-x86_64-debian-gcc 1.0.0 0.33 1.68 2.01 ERROR
r-devel-linux-x86_64-fedora-clang 1.0.0 67.10 OK
r-devel-linux-x86_64-fedora-gcc 1.0.0 62.84 OK
r-devel-windows-x86_64 1.0.0 6.00 61.00 67.00 OK
r-patched-linux-x86_64 1.0.0 4.76 46.11 50.87 OK
r-release-linux-x86_64 1.0.0 4.83 46.39 51.22 OK
r-release-macos-arm64 1.0.0 22.00 OK
r-release-macos-x86_64 1.0.0 39.00 OK
r-release-windows-x86_64 1.0.0 5.00 61.00 66.00 OK
r-oldrel-macos-arm64 1.0.0 25.00 OK
r-oldrel-macos-x86_64 1.0.0 35.00 OK
r-oldrel-windows-x86_64 1.0.0 7.00 67.00 74.00 OK

Check Details

Version: 1.0.0
Check: package dependencies
Result: ERROR Package required but not available: ‘ggplot2’ See section ‘The DESCRIPTION file’ in the ‘Writing R Extensions’ manual. Flavor: r-devel-linux-x86_64-debian-gcc