CRAN Package Check Results for Package paramhetero

Last updated on 2020-04-02 21:47:52 CEST.

Flavor Version Tinstall Tcheck Ttotal Status Flags
r-devel-linux-x86_64-debian-clang 0.2.0 8.39 67.29 75.68 OK
r-devel-linux-x86_64-debian-gcc 0.2.0 7.29 52.46 59.75 OK
r-devel-linux-x86_64-fedora-clang 0.2.0 89.88 NOTE
r-devel-linux-x86_64-fedora-gcc 0.2.0 89.92 NOTE
r-devel-windows-ix86+x86_64 0.2.0 20.00 71.00 91.00 OK
r-devel-windows-ix86+x86_64-gcc8 0.2.0 19.00 72.00 91.00 OK
r-patched-linux-x86_64 0.2.0 8.09 65.73 73.82 OK
r-patched-solaris-x86 0.2.0 140.40 NOTE
r-release-linux-x86_64 0.2.0 6.36 62.64 69.00 OK
r-release-windows-ix86+x86_64 0.2.0 15.00 77.00 92.00 OK
r-release-osx-x86_64 0.2.0 NOTE
r-oldrel-windows-ix86+x86_64 0.2.0 10.00 65.00 75.00 OK
r-oldrel-osx-x86_64 0.2.0 NOTE

Check Details

Version: 0.2.0
Check: dependencies in R code
Result: NOTE
    Namespace in Imports field not imported from: ‘survey’
     All declared Imports should be used.
Flavors: r-devel-linux-x86_64-fedora-clang, r-devel-linux-x86_64-fedora-gcc, r-patched-solaris-x86, r-release-osx-x86_64, r-oldrel-osx-x86_64