CRAN Package Check Results for Package paramlink

Last updated on 2021-09-19 15:49:30 CEST.

Flavor Version Tinstall Tcheck Ttotal Status Flags
r-devel-linux-x86_64-debian-clang 1.1-2 20.13 111.76 131.89 OK
r-devel-linux-x86_64-debian-gcc 1.1-2 12.47 83.49 95.96 OK
r-devel-linux-x86_64-fedora-clang 1.1-2 161.70 NOTE
r-devel-linux-x86_64-fedora-gcc 1.1-2 149.53 OK
r-devel-windows-x86_64 1.1-2 18.00 108.00 126.00 OK
r-devel-windows-x86_64-gcc10-UCRT 1.1-2 ERROR
r-patched-linux-x86_64 1.1-2 17.81 108.64 126.45 OK
r-patched-solaris-x86 1.1-2 199.00 OK
r-release-linux-x86_64 1.1-2 14.85 107.60 122.45 OK
r-release-macos-arm64 1.1-2 OK
r-release-macos-x86_64 1.1-2 OK
r-release-windows-ix86+x86_64 1.1-2 31.00 97.00 128.00 OK
r-oldrel-macos-x86_64 1.1-2 OK
r-oldrel-windows-ix86+x86_64 1.1-2 30.00 95.00 125.00 OK

Check Details

Version: 1.1-2
Check: Rd cross-references
Result: NOTE
    Undeclared package ‘Familias’ in Rd xrefs
Flavor: r-devel-linux-x86_64-fedora-clang

Version: 1.1-2
Check: whether package can be installed
Result: WARN
    Found the following significant warnings:
     WARNING: installation-time patches will not be applied, could not get the patches index
Flavor: r-devel-windows-x86_64-gcc10-UCRT

Version: 1.1-2
Check: PDF version of manual
Result: WARN
    LaTeX errors when creating PDF version.
    This typically indicates Rd problems.
Flavor: r-devel-windows-x86_64-gcc10-UCRT

Version: 1.1-2
Check: PDF version of manual without hyperrefs or index
Result: ERROR
    Re-running with no redirection of stdout/stderr.
Flavor: r-devel-windows-x86_64-gcc10-UCRT