CRAN Package Check Results for Package params

Last updated on 2020-07-04 14:48:30 CEST.

Flavor Version Tinstall Tcheck Ttotal Status Flags
r-devel-linux-x86_64-debian-clang 0.6.1 2.15 22.70 24.85 NOTE
r-devel-linux-x86_64-debian-gcc 0.6.1 2.06 18.32 20.38 NOTE
r-devel-linux-x86_64-fedora-clang 0.6.1 38.56 NOTE
r-devel-linux-x86_64-fedora-gcc 0.6.1 29.53 NOTE
r-devel-windows-ix86+x86_64 0.6.1 12.00 34.00 46.00 OK
r-patched-linux-x86_64 0.6.1 2.57 22.80 25.37 NOTE
r-patched-solaris-x86 0.6.1 45.50 NOTE
r-release-linux-x86_64 0.6.1 2.25 22.63 24.88 NOTE
r-release-osx-x86_64 0.6.1 OK
r-release-windows-ix86+x86_64 0.6.1 7.00 34.00 41.00 OK
r-oldrel-osx-x86_64 0.6.1 OK
r-oldrel-windows-ix86+x86_64 0.6.1 5.00 49.00 54.00 OK

Check Details

Version: 0.6.1
Check: for non-standard things in the check directory
Result: NOTE
    Found the following files/directories:
     'example.csv' 'example.tsv' 'example.xlsx'
Flavors: r-devel-linux-x86_64-debian-clang, r-devel-linux-x86_64-debian-gcc, r-devel-linux-x86_64-fedora-clang, r-devel-linux-x86_64-fedora-gcc, r-patched-linux-x86_64, r-patched-solaris-x86, r-release-linux-x86_64

Version: 0.6.1
Check: Rd cross-references
Result: NOTE
    Undeclared package ‘knitr’ in Rd xrefs
Flavor: r-devel-linux-x86_64-fedora-clang