CRAN Package Check Results for Package paramtest

Last updated on 2024-04-24 07:57:48 CEST.

Flavor Version Tinstall Tcheck Ttotal Status Flags
r-devel-linux-x86_64-debian-clang 0.1.0 2.62 48.27 50.89 NOTE
r-devel-linux-x86_64-debian-gcc 0.1.0 2.13 37.15 39.28 NOTE
r-devel-linux-x86_64-fedora-clang 0.1.0 64.20 NOTE
r-devel-linux-x86_64-fedora-gcc 0.1.0 73.31 NOTE
r-prerel-macos-arm64 0.1.0 27.00 NOTE
r-prerel-windows-x86_64 0.1.0 3.00 63.00 66.00 NOTE
r-patched-linux-x86_64 0.1.0 2.62 47.95 50.57 NOTE
r-release-linux-x86_64 0.1.0 2.38 45.97 48.35 NOTE
r-release-macos-arm64 0.1.0 28.00 NOTE
r-release-macos-x86_64 0.1.0 44.00 NOTE
r-release-windows-x86_64 0.1.0 3.00 67.00 70.00 NOTE
r-oldrel-macos-arm64 0.1.0 24.00 NOTE
r-oldrel-windows-x86_64 0.1.0 5.00 69.00 74.00 NOTE

Check Details

Version: 0.1.0
Check: LazyData
Result: NOTE 'LazyData' is specified without a 'data' directory Flavors: r-devel-linux-x86_64-debian-clang, r-devel-linux-x86_64-debian-gcc, r-devel-linux-x86_64-fedora-clang, r-devel-linux-x86_64-fedora-gcc, r-prerel-macos-arm64, r-prerel-windows-x86_64, r-patched-linux-x86_64, r-release-linux-x86_64, r-release-macos-arm64, r-release-macos-x86_64, r-release-windows-x86_64, r-oldrel-macos-arm64, r-oldrel-windows-x86_64