CRAN Package Check Results for Package paramtest

Last updated on 2021-10-23 21:56:18 CEST.

Flavor Version Tinstall Tcheck Ttotal Status Flags
r-devel-linux-x86_64-debian-clang 0.1.0 2.13 42.66 44.79 NOTE
r-devel-linux-x86_64-debian-gcc 0.1.0 1.99 31.61 33.60 NOTE
r-devel-linux-x86_64-fedora-clang 0.1.0 63.24 NOTE
r-devel-linux-x86_64-fedora-gcc 0.1.0 52.87 NOTE
r-devel-windows-x86_64 0.1.0 5.00 63.00 68.00 NOTE
r-devel-windows-x86_64-gcc10-UCRT 0.1.0 NOTE
r-patched-linux-x86_64 0.1.0 2.33 39.87 42.20 NOTE
r-patched-solaris-x86 0.1.0 76.60 NOTE
r-release-linux-x86_64 0.1.0 2.29 39.54 41.83 NOTE
r-release-macos-arm64 0.1.0 NOTE
r-release-macos-x86_64 0.1.0 NOTE
r-release-windows-ix86+x86_64 0.1.0 5.00 74.00 79.00 NOTE
r-oldrel-macos-x86_64 0.1.0 OK
r-oldrel-windows-ix86+x86_64 0.1.0 6.00 78.00 84.00 OK

Check Details

Version: 0.1.0
Check: LazyData
Result: NOTE
     'LazyData' is specified without a 'data' directory
Flavors: r-devel-linux-x86_64-debian-clang, r-devel-linux-x86_64-debian-gcc, r-devel-linux-x86_64-fedora-clang, r-devel-linux-x86_64-fedora-gcc, r-devel-windows-x86_64, r-devel-windows-x86_64-gcc10-UCRT, r-patched-linux-x86_64, r-patched-solaris-x86, r-release-linux-x86_64, r-release-macos-arm64, r-release-macos-x86_64, r-release-windows-ix86+x86_64