CRAN Package Check Results for Package parfm

Last updated on 2021-10-20 02:50:13 CEST.

Flavor Version Tinstall Tcheck Ttotal Status Flags
r-devel-linux-x86_64-debian-clang 2.7.6 9.44 213.39 222.83 NOTE
r-devel-linux-x86_64-debian-gcc 2.7.6 8.03 157.64 165.67 NOTE
r-devel-linux-x86_64-fedora-clang 2.7.6 276.39 NOTE
r-devel-linux-x86_64-fedora-gcc 2.7.6 272.49 NOTE
r-devel-windows-x86_64 2.7.6 15.00 267.00 282.00 OK
r-devel-windows-x86_64-gcc10-UCRT 2.7.6 OK
r-patched-linux-x86_64 2.7.6 13.68 207.75 221.43 NOTE
r-patched-solaris-x86 2.7.6 346.20 NOTE
r-release-linux-x86_64 2.7.6 10.46 208.45 218.91 NOTE
r-release-macos-arm64 2.7.6 OK
r-release-macos-x86_64 2.7.6 OK
r-release-windows-ix86+x86_64 2.7.6 15.00 253.00 268.00 OK
r-oldrel-macos-x86_64 2.7.6 OK
r-oldrel-windows-ix86+x86_64 2.7.6 22.00 273.00 295.00 OK

Check Details

Version: 2.7.6
Check: for non-standard things in the check directory
Result: NOTE
    Found the following files/directories:
     'NUL'
Flavors: r-devel-linux-x86_64-debian-clang, r-devel-linux-x86_64-debian-gcc, r-devel-linux-x86_64-fedora-clang, r-devel-linux-x86_64-fedora-gcc, r-patched-linux-x86_64, r-patched-solaris-x86, r-release-linux-x86_64