CRAN Package Check Results for Package parglm

Last updated on 2019-07-20 11:47:27 CEST.

Flavor Version Tinstall Tcheck Ttotal Status Flags
r-devel-linux-x86_64-debian-clang 0.1.3 68.19 66.66 134.85 OK
r-devel-linux-x86_64-debian-gcc 0.1.3 59.48 53.91 113.39 OK
r-devel-linux-x86_64-fedora-clang 0.1.3 189.07 OK
r-devel-linux-x86_64-fedora-gcc 0.1.3 187.44 OK
r-devel-windows-ix86+x86_64 0.1.3 200.00 162.00 362.00 OK
r-patched-linux-x86_64 0.1.3 70.84 66.13 136.97 OK
r-patched-solaris-x86 0.1.3 226.80 ERROR
r-release-linux-x86_64 0.1.3 67.37 67.03 134.40 OK
r-release-windows-ix86+x86_64 0.1.3 158.00 112.00 270.00 OK
r-release-osx-x86_64 0.1.3 OK
r-oldrel-windows-ix86+x86_64 0.1.3 156.00 153.00 309.00 OK
r-oldrel-osx-x86_64 0.1.3 OK

Additional issues

LTO OpenBLAS

Check Details

Version: 0.1.3
Check: tests
Result: ERROR
     Running ‘testthat.R’ [0m/180m]
    Running the tests in ‘tests/testthat.R’ failed.
    Complete output:
     > library(testthat)
     > library(parglm)
     >
     > test_check("parglm")
    
     *** caught segfault ***
     address 327485ba, cause 'memory not mapped'
Flavor: r-patched-solaris-x86