CRAN Package Check Results for Package parglm

Last updated on 2019-10-24 03:58:37 CEST.

Flavor Version Tinstall Tcheck Ttotal Status Flags
r-devel-linux-x86_64-debian-clang 0.1.3 88.70 65.02 153.72 OK
r-devel-linux-x86_64-debian-gcc 0.1.3 63.88 52.44 116.32 OK
r-devel-linux-x86_64-fedora-clang 0.1.3 198.23 OK
r-devel-linux-x86_64-fedora-gcc 0.1.3 194.24 OK
r-devel-windows-ix86+x86_64 0.1.3 156.00 145.00 301.00 OK
r-patched-linux-x86_64 0.1.3 64.82 64.04 128.86 OK
r-patched-solaris-x86 0.1.3 204.00 ERROR
r-release-linux-x86_64 0.1.3 68.71 65.39 134.10 OK
r-release-windows-ix86+x86_64 0.1.3 213.00 118.00 331.00 OK
r-release-osx-x86_64 0.1.3 OK
r-oldrel-windows-ix86+x86_64 0.1.3 206.00 152.00 358.00 OK
r-oldrel-osx-x86_64 0.1.3 OK

Additional issues

LTO OpenBLAS

Check Details

Version: 0.1.3
Check: tests
Result: ERROR
     Running ‘testthat.R’ [0m/180m]
    Running the tests in ‘tests/testthat.R’ failed.
    Complete output:
     > library(testthat)
     > library(parglm)
     >
     > test_check("parglm")
     ── 1. Failure: works with different families (@test_parglm_fams.R#127) ────────
     binomial_probit_LAPACK not equal to f2[to_check].
     Component "coefficients": Mean relative difference: 4.51552e-08
     Component "residuals": Mean relative difference: 3.116217e-08
     Component "linear.predictors": Mean relative difference: 2.719387e-08
    
     ── 2. Failure: works with different families (@test_parglm_fams.R#139) ────────
     binomial_cauchit_LINPACK w/ offset not equal to f2[to_check].
     Component "coefficients": Mean relative difference: 3.201379e-05
     Component "residuals": Mean relative difference: 2.440726e-05
     Component "fitted.values": Mean relative difference: 5.727865e-06
     Component "linear.predictors": Mean relative difference: 2.647457e-05
     Component "iter": Mean relative difference: 0.1666667
    
     ── 3. Failure: works with different families (@test_parglm_fams.R#139) ────────
     binomial_cauchit_LINPACK w/ offset not equal to s2[!names(s2) %in% excl].
     Component "iter": Mean relative difference: 0.1666667
     Component "deviance.resid": Mean relative difference: 8.643376e-06
    
     ── 4. Failure: works with different families (@test_parglm_fams.R#152) ────────
     binomial_cauchit_LINPACK w/ weigths not equal to f2[to_check].
     Component "coefficients": Mean relative difference: 1.748936e-06
     Component "residuals": Mean relative difference: 2.36384e-06
     Component "fitted.values": Mean relative difference: 4.866464e-07
     Component "linear.predictors": Mean relative difference: 2.039559e-06
     Component "aic": Mean relative difference: 4.036289e-08
    
     ── 5. Failure: works with different families (@test_parglm_fams.R#152) ────────
     binomial_cauchit_LINPACK w/ weigths not equal to s2[!names(s2) %in% excl].
     Component "deviance.resid": Mean relative difference: 8.050141e-07
    
    
     *** caught segfault ***
     address 8ae278bf, cause 'memory not mapped'
Flavor: r-patched-solaris-x86