CRAN Package Check Results for Package parlitools

Last updated on 2021-09-22 21:52:54 CEST.

Flavor Version Tinstall Tcheck Ttotal Status Flags
r-devel-linux-x86_64-debian-clang 0.4.1 9.74 82.22 91.96 OK
r-devel-linux-x86_64-debian-gcc 0.4.1 8.32 62.34 70.66 OK
r-devel-linux-x86_64-fedora-clang 0.4.1 117.27 NOTE
r-devel-linux-x86_64-fedora-gcc 0.4.1 106.00 NOTE
r-devel-windows-x86_64 0.4.1 10.00 81.00 91.00 OK
r-devel-windows-x86_64-gcc10-UCRT 0.4.1 ERROR
r-patched-linux-x86_64 0.4.1 10.39 79.36 89.75 OK
r-patched-solaris-x86 0.4.1 156.80 NOTE --no-vignettes
r-release-linux-x86_64 0.4.1 7.51 79.68 87.19 OK
r-release-macos-arm64 0.4.1 NOTE
r-release-macos-x86_64 0.4.1 NOTE
r-release-windows-ix86+x86_64 0.4.1 20.00 74.00 94.00 OK
r-oldrel-macos-x86_64 0.4.1 NOTE
r-oldrel-windows-ix86+x86_64 0.4.1 14.00 80.00 94.00 OK

Check Details

Version: 0.4.1
Check: data for non-ASCII characters
Result: NOTE
     Note: found 16 marked UTF-8 strings
Flavors: r-devel-linux-x86_64-fedora-clang, r-devel-linux-x86_64-fedora-gcc, r-release-macos-arm64, r-release-macos-x86_64, r-oldrel-macos-x86_64

Version: 0.4.1
Check: package dependencies
Result: ERROR
    Package required but not available: 'sf'
    
    Packages suggested but not available for checking:
     'rgdal', 'devtools', 'leaflet', 'cartogram'
    
    See section 'The DESCRIPTION file' in the 'Writing R Extensions'
    manual.
Flavor: r-devel-windows-x86_64-gcc10-UCRT

Version: 0.4.1
Flags: --no-vignettes
Check: data for non-ASCII characters
Result: NOTE
     Note: found 16 marked UTF-8 strings
Flavor: r-patched-solaris-x86