CRAN Package Check Results for Package parma

Last updated on 2021-09-19 11:50:11 CEST.

Flavor Version Tinstall Tcheck Ttotal Status Flags
r-devel-linux-x86_64-debian-clang 1.5-3 19.34 89.57 108.91 OK
r-devel-linux-x86_64-debian-gcc 1.5-3 13.14 65.73 78.87 OK
r-devel-linux-x86_64-fedora-clang 1.5-3 137.34 NOTE
r-devel-linux-x86_64-fedora-gcc 1.5-3 125.67 NOTE
r-devel-windows-x86_64 1.5-3 24.00 100.00 124.00 OK
r-devel-windows-x86_64-gcc10-UCRT 1.5-3 ERROR
r-patched-linux-x86_64 1.5-3 19.33 85.99 105.32 OK
r-patched-solaris-x86 1.5-3 161.10 NOTE
r-release-linux-x86_64 1.5-3 16.30 86.65 102.95 OK
r-release-macos-arm64 1.5-3 NOTE
r-release-macos-x86_64 1.5-3 OK
r-release-windows-ix86+x86_64 1.5-3 36.00 85.00 121.00 OK
r-oldrel-macos-x86_64 1.5-3 NOTE
r-oldrel-windows-ix86+x86_64 1.5-3 32.00 87.00 119.00 OK

Check Details

Version: 1.5-3
Check: compiled code
Result: NOTE
    File ‘parma/libs/parma.so’:
     Found no calls to: ‘R_registerRoutines’, ‘R_useDynamicSymbols’
    
    It is good practice to register native routines and to disable symbol
    search.
    
    See ‘Writing portable packages’ in the ‘Writing R Extensions’ manual.
Flavors: r-devel-linux-x86_64-fedora-clang, r-devel-linux-x86_64-fedora-gcc

Version: 1.5-3
Check: whether package can be installed
Result: ERROR
    Installation failed.
Flavor: r-devel-windows-x86_64-gcc10-UCRT

Version: 1.5-3
Check: package dependencies
Result: NOTE
    Package suggested but not available for checking: ‘Rsymphony’
Flavors: r-patched-solaris-x86, r-release-macos-arm64, r-oldrel-macos-x86_64