CRAN Package Check Results for Package parma

Last updated on 2020-04-02 04:47:55 CEST.

Flavor Version Tinstall Tcheck Ttotal Status Flags
r-devel-linux-x86_64-debian-clang 1.5-3 16.30 76.62 92.92 OK
r-devel-linux-x86_64-debian-gcc 1.5-3 14.95 58.25 73.20 OK
r-devel-linux-x86_64-fedora-clang 1.5-3 114.11 NOTE
r-devel-linux-x86_64-fedora-gcc 1.5-3 113.20 NOTE
r-devel-windows-ix86+x86_64 1.5-3 33.00 90.00 123.00 OK
r-devel-windows-ix86+x86_64-gcc8 1.5-3 27.00 88.00 115.00 OK
r-patched-linux-x86_64 1.5-3 17.23 74.86 92.09 OK
r-patched-solaris-x86 1.5-3 142.60 NOTE
r-release-linux-x86_64 1.5-3 14.78 68.38 83.16 OK
r-release-windows-ix86+x86_64 1.5-3 27.00 112.00 139.00 OK
r-release-osx-x86_64 1.5-3 NOTE
r-oldrel-windows-ix86+x86_64 1.5-3 30.00 124.00 154.00 OK
r-oldrel-osx-x86_64 1.5-3 NOTE

Check Details

Version: 1.5-3
Check: compiled code
Result: NOTE
    File ‘parma/libs/parma.so’:
     Found no calls to: ‘R_registerRoutines’, ‘R_useDynamicSymbols’
    
    It is good practice to register native routines and to disable symbol
    search.
    
    See ‘Writing portable packages’ in the ‘Writing R Extensions’ manual.
Flavors: r-devel-linux-x86_64-fedora-clang, r-devel-linux-x86_64-fedora-gcc

Version: 1.5-3
Check: package dependencies
Result: NOTE
    Package suggested but not available for checking: ‘Rsymphony’
Flavors: r-patched-solaris-x86, r-release-osx-x86_64, r-oldrel-osx-x86_64