CRAN Package Check Results for Package paropt

Last updated on 2020-11-27 00:48:57 CET.

Flavor Version Tinstall Tcheck Ttotal Status Flags
r-devel-linux-x86_64-debian-clang 0.1 218.46 40.55 259.01 OK
r-devel-linux-x86_64-debian-gcc 0.1 192.43 32.73 225.16 OK
r-devel-linux-x86_64-fedora-clang 0.1 298.09 NOTE
r-devel-linux-x86_64-fedora-gcc 0.1 255.07 OK
r-devel-windows-ix86+x86_64 0.1 372.00 70.00 442.00 OK
r-patched-linux-x86_64 0.1 299.79 43.41 343.20 OK
r-patched-solaris-x86 0.1 216.30 OK
r-release-linux-x86_64 0.1 219.55 41.17 260.72 OK
r-release-macos-x86_64 0.1 NOTE
r-release-windows-ix86+x86_64 0.1 381.00 90.00 471.00 OK
r-oldrel-macos-x86_64 0.1 NOTE
r-oldrel-windows-ix86+x86_64 0.1 343.00 88.00 431.00 OK

Check Details

Version: 0.1
Check: installed package size
Result: NOTE
     installed size is 10.3Mb
     sub-directories of 1Mb or more:
     libs 6.1Mb
Flavors: r-devel-linux-x86_64-fedora-clang, r-release-macos-x86_64, r-oldrel-macos-x86_64