CRAN Package Check Results for Package partR2

Last updated on 2021-05-18 14:50:27 CEST.

Flavor Version Tinstall Tcheck Ttotal Status Flags
r-devel-linux-x86_64-debian-clang 0.9.1 4.59 181.31 185.90 OK
r-devel-linux-x86_64-debian-gcc 0.9.1 3.35 133.83 137.18 OK
r-devel-linux-x86_64-fedora-clang 0.9.1 218.92 NOTE
r-devel-linux-x86_64-fedora-gcc 0.9.1 214.07 NOTE
r-devel-windows-ix86+x86_64 0.9.1 10.00 173.00 183.00 OK
r-devel-windows-x86_64-gcc10-UCRT 0.9.1 NOTE
r-patched-linux-x86_64 0.9.1 4.65 175.36 180.01 OK
r-patched-solaris-x86 0.9.1 289.50 NOTE
r-release-linux-x86_64 0.9.1 3.66 174.50 178.16 OK
r-release-macos-x86_64 0.9.1 NOTE
r-release-windows-ix86+x86_64 0.9.1 6.00 171.00 177.00 OK
r-oldrel-macos-x86_64 0.9.1 NOTE
r-oldrel-windows-ix86+x86_64 0.9.1 5.00 169.00 174.00 OK

Check Details

Version: 0.9.1
Check: dependencies in R code
Result: NOTE
    Namespace in Imports field not imported from: ‘methods’
     All declared Imports should be used.
Flavors: r-devel-linux-x86_64-fedora-clang, r-devel-linux-x86_64-fedora-gcc, r-devel-windows-x86_64-gcc10-UCRT, r-patched-solaris-x86, r-release-macos-x86_64, r-oldrel-macos-x86_64