CRAN Package Check Results for Package particles

Last updated on 2020-12-02 20:47:55 CET.

Flavor Version Tinstall Tcheck Ttotal Status Flags
r-devel-linux-x86_64-debian-clang 0.2.2 54.62 108.48 163.10 OK
r-devel-linux-x86_64-debian-gcc 0.2.2 35.97 84.70 120.67 OK
r-devel-linux-x86_64-fedora-clang 0.2.2 213.17 NOTE
r-devel-linux-x86_64-fedora-gcc 0.2.2 190.91 NOTE
r-devel-windows-ix86+x86_64 0.2.2 119.00 127.00 246.00 OK
r-patched-linux-x86_64 0.2.2 41.08 101.91 142.99 OK
r-patched-solaris-x86 0.2.2 228.70 NOTE
r-release-linux-x86_64 0.2.2 43.00 99.69 142.69 OK
r-release-macos-x86_64 0.2.2 NOTE
r-release-windows-ix86+x86_64 0.2.2 89.00 176.00 265.00 OK
r-oldrel-macos-x86_64 0.2.2 NOTE
r-oldrel-windows-ix86+x86_64 0.2.2 94.00 161.00 255.00 OK

Check Details

Version: 0.2.2
Check: dependencies in R code
Result: NOTE
    Namespace in Imports field not imported from: ‘dplyr’
     All declared Imports should be used.
Flavors: r-devel-linux-x86_64-fedora-clang, r-devel-linux-x86_64-fedora-gcc, r-patched-solaris-x86, r-release-macos-x86_64, r-oldrel-macos-x86_64