CRAN Package Check Results for Package partitionMap

Last updated on 2021-03-04 06:47:38 CET.

Flavor Version Tinstall Tcheck Ttotal Status Flags
r-devel-linux-x86_64-debian-clang 0.5 1.89 48.19 50.08 NOTE
r-devel-linux-x86_64-debian-gcc 0.5 1.62 34.31 35.93 NOTE
r-devel-linux-x86_64-fedora-clang 0.5 69.11 NOTE
r-devel-linux-x86_64-fedora-gcc 0.5 57.04 NOTE
r-devel-windows-ix86+x86_64 0.5 5.00 57.00 62.00 NOTE
r-patched-linux-x86_64 0.5 2.07 44.44 46.51 NOTE
r-patched-solaris-x86 0.5 96.80 NOTE
r-release-linux-x86_64 0.5 1.87 44.70 46.57 NOTE
r-release-macos-x86_64 0.5 NOTE
r-release-windows-ix86+x86_64 0.5 5.00 67.00 72.00 NOTE
r-oldrel-macos-x86_64 0.5 NOTE
r-oldrel-windows-ix86+x86_64 0.5 32.00 65.00 97.00 NOTE

Check Details

Version: 0.5
Check: DESCRIPTION meta-information
Result: NOTE
    Malformed Description field: should contain one or more complete sentences.
Flavors: r-devel-linux-x86_64-debian-clang, r-devel-linux-x86_64-debian-gcc, r-devel-linux-x86_64-fedora-clang, r-devel-linux-x86_64-fedora-gcc, r-devel-windows-ix86+x86_64, r-patched-linux-x86_64, r-patched-solaris-x86, r-release-linux-x86_64, r-release-macos-x86_64, r-release-windows-ix86+x86_64, r-oldrel-macos-x86_64, r-oldrel-windows-ix86+x86_64

Version: 0.5
Check: R code for possible problems
Result: NOTE
    partitionMap: no visible global function definition for 'predict'
    partitionMap: no visible global function definition for 'rnorm'
    partitionMap: no visible binding for global variable 'sd'
    partitionMap: no visible global function definition for 'sd'
    partitionMap: no visible global function definition for 'quantile'
    Undefined global functions or variables:
     predict quantile rnorm sd
    Consider adding
     importFrom("stats", "predict", "quantile", "rnorm", "sd")
    to your NAMESPACE file.
Flavors: r-devel-linux-x86_64-debian-clang, r-devel-linux-x86_64-debian-gcc, r-devel-linux-x86_64-fedora-clang, r-devel-linux-x86_64-fedora-gcc, r-devel-windows-ix86+x86_64, r-patched-linux-x86_64, r-patched-solaris-x86, r-release-linux-x86_64, r-release-macos-x86_64, r-release-windows-ix86+x86_64, r-oldrel-macos-x86_64, r-oldrel-windows-ix86+x86_64

Version: 0.5
Check: dependencies in R code
Result: NOTE
    Namespace in Imports field not imported from: ‘stats’
     All declared Imports should be used.
Flavors: r-devel-linux-x86_64-fedora-clang, r-devel-linux-x86_64-fedora-gcc, r-patched-solaris-x86, r-release-macos-x86_64, r-oldrel-macos-x86_64