CRAN Package Check Results for Package partitions

Last updated on 2019-03-19 20:47:00 CET.

Flavor Version Tinstall Tcheck Ttotal Status Flags
r-devel-linux-x86_64-debian-clang 1.9-19 4.63 43.76 48.39 OK
r-devel-linux-x86_64-debian-gcc 1.9-19 3.97 35.08 39.05 OK
r-devel-linux-x86_64-fedora-clang 1.9-19 60.98 OK
r-devel-linux-x86_64-fedora-gcc 1.9-19 60.30 OK
r-devel-windows-ix86+x86_64 1.9-19 21.00 87.00 108.00 OK
r-patched-linux-x86_64 1.9-19 3.48 41.28 44.76 OK
r-patched-solaris-x86 1.9-19 79.10 OK
r-release-linux-x86_64 1.9-19 3.66 41.25 44.91 OK
r-release-windows-ix86+x86_64 1.9-19 14.00 126.00 140.00 OK
r-release-osx-x86_64 1.9-19 OK
r-oldrel-windows-ix86+x86_64 1.9-19 12.00 122.00 134.00 OK
r-oldrel-osx-x86_64 1.9-19 NOTE

Check Details

Version: 1.9-19
Check: re-building of vignette outputs
Result: NOTE
    Error in re-building vignettes:
     ...
    Loading required package: partitions
    Error in texi2dvi(file = file, pdf = TRUE, clean = clean, quiet = quiet, :
     Running 'texi2dvi' on 'partitionspaper.tex' failed.
    LaTeX errors:
    ! LaTeX Error: File `dsfont.sty' not found.
    
    Type X to quit or <RETURN> to proceed,
    or enter new name. (Default extension: sty)
    
    ! Emergency stop.
    <read *>
    
    l.4 \usepackage
     {bbm}^^M
    ! ==> Fatal error occurred, no output PDF file produced!
    Calls: buildVignettes -> texi2pdf -> texi2dvi
    Execution halted
Flavor: r-oldrel-osx-x86_64