CRAN Package Check Results for Package partools

Last updated on 2021-06-17 09:51:54 CEST.

Flavor Version Tinstall Tcheck Ttotal Status Flags
r-devel-linux-x86_64-debian-clang 1.1.6 5.17 46.33 51.50 NOTE
r-devel-linux-x86_64-debian-gcc 1.1.6 4.06 36.54 40.60 NOTE
r-devel-linux-x86_64-fedora-clang 1.1.6 71.50 NOTE
r-devel-linux-x86_64-fedora-gcc 1.1.6 58.74 NOTE
r-devel-windows-x86_64 1.1.6 7.00 56.00 63.00 OK
r-devel-windows-x86_64-gcc10-UCRT 1.1.6 OK
r-patched-linux-x86_64 1.1.6 5.30 44.63 49.93 NOTE
r-patched-solaris-x86 1.1.6 106.30 NOTE
r-release-linux-x86_64 1.1.6 4.08 44.72 48.80 NOTE
r-release-macos-arm64 1.1.6 OK
r-release-macos-x86_64 1.1.6 OK
r-release-windows-ix86+x86_64 1.1.6 9.00 68.00 77.00 OK
r-oldrel-macos-x86_64 1.1.6 OK
r-oldrel-windows-ix86+x86_64 1.1.6 7.00 70.00 77.00 OK

Check Details

Version: 1.1.6
Check: for non-standard things in the check directory
Result: NOTE
    Found the following files/directories:
     'co2' 'co2.1' 'co2.2' 'co2s.1' 'co2s.2' 'ctm.1' 'ctm.2' 'm' 'm.1'
     'm.2' 'test' 'test.1' 'test.2' 'testa.1' 'testa.2' 'xfile.1'
     'xfile.2'
Flavors: r-devel-linux-x86_64-debian-clang, r-devel-linux-x86_64-debian-gcc, r-devel-linux-x86_64-fedora-clang, r-devel-linux-x86_64-fedora-gcc, r-patched-linux-x86_64, r-patched-solaris-x86, r-release-linux-x86_64