CRAN Package Check Results for Package party

Last updated on 2020-01-26 02:48:55 CET.

Flavor Version Tinstall Tcheck Ttotal Status Flags
r-devel-linux-x86_64-debian-clang 1.3-3 20.63 190.93 211.56 OK
r-devel-linux-x86_64-debian-gcc 1.3-3 15.07 145.73 160.80 OK
r-devel-linux-x86_64-fedora-clang 1.3-3 254.36 NOTE
r-devel-linux-x86_64-fedora-gcc 1.3-3 249.23 NOTE
r-devel-windows-ix86+x86_64 1.3-3 47.00 391.00 438.00 OK
r-devel-windows-ix86+x86_64-gcc8 1.3-3 58.00 302.00 360.00 OK
r-patched-linux-x86_64 1.3-3 17.98 167.97 185.95 OK
r-patched-solaris-x86 1.3-3 345.60 OK
r-release-linux-x86_64 1.3-3 16.43 170.73 187.16 OK
r-release-windows-ix86+x86_64 1.3-3 39.00 400.00 439.00 OK
r-release-osx-x86_64 1.3-3 OK
r-oldrel-windows-ix86+x86_64 1.3-3 32.00 328.00 360.00 OK
r-oldrel-osx-x86_64 1.3-3 OK

Check Details

Version: 1.3-3
Check: top-level files
Result: NOTE
    ‘cleanup’: /bin/bash is not portable
Flavors: r-devel-linux-x86_64-fedora-clang, r-devel-linux-x86_64-fedora-gcc