CRAN Package Check Results for Package partykit

Last updated on 2021-09-20 15:53:01 CEST.

Flavor Version Tinstall Tcheck Ttotal Status Flags
r-devel-linux-x86_64-debian-clang 1.2-15 18.09 352.56 370.65 OK
r-devel-linux-x86_64-debian-gcc 1.2-15 12.29 264.12 276.41 OK
r-devel-linux-x86_64-fedora-clang 1.2-15 443.01 OK
r-devel-linux-x86_64-fedora-gcc 1.2-15 429.05 OK
r-devel-windows-x86_64 1.2-15 17.00 295.00 312.00 OK
r-devel-windows-x86_64-gcc10-UCRT 1.2-15 ERROR
r-patched-linux-x86_64 1.2-15 17.29 346.08 363.37 OK
r-patched-solaris-x86 1.2-15 609.90 NOTE
r-release-linux-x86_64 1.2-15 16.00 348.98 364.98 OK
r-release-macos-arm64 1.2-15 OK
r-release-macos-x86_64 1.2-15 OK
r-release-windows-ix86+x86_64 1.2-15 35.00 439.00 474.00 OK
r-oldrel-macos-x86_64 1.2-15 OK
r-oldrel-windows-ix86+x86_64 1.2-15 31.00 419.00 450.00 OK

Check Details

Version: 1.2-15
Check: package dependencies
Result: NOTE
    Packages suggested but not available for checking: 'XML', 'pmml'
Flavor: r-devel-windows-x86_64-gcc10-UCRT

Version: 1.2-15
Check: whether package can be installed
Result: ERROR
    Installation failed.
Flavor: r-devel-windows-x86_64-gcc10-UCRT

Version: 1.2-15
Check: package dependencies
Result: NOTE
    Package suggested but not available for checking: ‘RWeka’
Flavor: r-patched-solaris-x86