CRAN Package Check Results for Package partykit

Last updated on 2021-05-19 00:52:00 CEST.

Flavor Version Tinstall Tcheck Ttotal Status Flags
r-devel-linux-x86_64-debian-clang 1.2-13 14.68 356.36 371.04 OK
r-devel-linux-x86_64-debian-gcc 1.2-13 12.68 269.75 282.43 OK
r-devel-linux-x86_64-fedora-clang 1.2-13 448.53 OK
r-devel-linux-x86_64-fedora-gcc 1.2-13 436.18 OK
r-devel-windows-ix86+x86_64 1.2-13 23.00 428.00 451.00 OK
r-devel-windows-x86_64-gcc10-UCRT 1.2-13 OK
r-patched-linux-x86_64 1.2-13 18.24 351.08 369.32 OK
r-patched-solaris-x86 1.2-13 614.90 NOTE
r-release-linux-x86_64 1.2-13 14.71 339.34 354.05 OK
r-release-macos-x86_64 1.2-13 OK
r-release-windows-ix86+x86_64 1.2-13 24.00 427.00 451.00 OK
r-oldrel-macos-x86_64 1.2-13 OK
r-oldrel-windows-ix86+x86_64 1.2-13 19.00 516.00 535.00 OK

Check Details

Version: 1.2-13
Check: package dependencies
Result: NOTE
    Package suggested but not available for checking: ‘RWeka’
Flavor: r-patched-solaris-x86